Last updated on 2024-04-30 21:50:08 CEST.
Flavor | Version | Tinstall | Tcheck | Ttotal | Status | Flags |
---|---|---|---|---|---|---|
r-devel-linux-x86_64-debian-clang | 1.7-14 | 14.16 | 79.15 | 93.31 | OK | |
r-devel-linux-x86_64-debian-gcc | 1.7-14 | 8.95 | 57.79 | 66.74 | OK | |
r-devel-linux-x86_64-fedora-clang | 1.7-14 | 118.76 | OK | |||
r-devel-linux-x86_64-fedora-gcc | 1.7-14 | 123.18 | OK | |||
r-devel-windows-x86_64 | 1.7-14 | 1.00 | 5.00 | 6.00 | ERROR | |
r-patched-linux-x86_64 | 1.7-14 | 14.42 | 75.48 | 89.90 | OK | |
r-release-linux-x86_64 | 1.7-14 | 14.24 | 75.77 | 90.01 | OK | |
r-release-macos-arm64 | 1.7-14 | 43.00 | OK | |||
r-release-windows-x86_64 | 1.7-14 | 14.00 | 108.00 | 122.00 | OK | |
r-oldrel-macos-arm64 | 1.7-14 | 48.00 | OK | |||
r-oldrel-macos-x86_64 | 1.7-14 | 125.00 | OK | |||
r-oldrel-windows-x86_64 | 1.7-14 | 17.00 | 114.00 | 131.00 | OK |
Version: 1.7-14
Check: whether package can be installed
Result: ERROR
Installation failed.
Flavor: r-devel-windows-x86_64