Last updated on 2024-04-30 21:50:07 CEST.
Flavor | Version | Tinstall | Tcheck | Ttotal | Status | Flags |
---|---|---|---|---|---|---|
r-devel-linux-x86_64-debian-clang | 1.0.2 | 11.48 | 102.81 | 114.29 | OK | |
r-devel-linux-x86_64-debian-gcc | 1.0.2 | 10.04 | 76.47 | 86.51 | OK | |
r-devel-linux-x86_64-fedora-clang | 1.0.2 | 145.92 | OK | |||
r-devel-linux-x86_64-fedora-gcc | 1.0.2 | 136.33 | OK | |||
r-devel-windows-x86_64 | 1.0.2 | 12.00 | 89.00 | 101.00 | OK | |
r-patched-linux-x86_64 | 1.0.2 | 18.45 | 96.25 | 114.70 | OK | |
r-release-linux-x86_64 | 1.0.2 | 10.33 | 98.42 | 108.75 | OK | |
r-release-macos-arm64 | 1.0.2 | 42.00 | OK | |||
r-release-windows-x86_64 | 1.0.2 | 12.00 | 93.00 | 105.00 | OK | |
r-oldrel-macos-arm64 | 1.0.2 | 46.00 | OK | |||
r-oldrel-macos-x86_64 | 1.0.2 | 71.00 | NOTE | |||
r-oldrel-windows-x86_64 | 1.0.2 | 16.00 | 112.00 | 128.00 | OK |
Version: 1.0.2
Check: package dependencies
Result: NOTE
Package suggested but not available for checking: ‘missMDA’
Flavor: r-oldrel-macos-x86_64