Last updated on 2024-05-21 12:52:48 CEST.
Flavor | Version | Tinstall | Tcheck | Ttotal | Status | Flags |
---|---|---|---|---|---|---|
r-devel-linux-x86_64-debian-clang | 1.0.4 | 11.31 | 41.72 | 53.03 | OK | |
r-devel-linux-x86_64-debian-gcc | 1.0.4 | 9.05 | 32.80 | 41.85 | OK | |
r-devel-linux-x86_64-fedora-clang | 1.0.4 | 67.78 | NOTE | |||
r-devel-linux-x86_64-fedora-gcc | 1.0.4 | 65.07 | NOTE | |||
r-devel-windows-x86_64 | 1.0.4 | 17.00 | 58.00 | 75.00 | OK | |
r-patched-linux-x86_64 | 1.0.4 | 8.10 | 40.17 | 48.27 | OK | |
r-release-linux-x86_64 | 1.0.4 | 10.01 | 40.66 | 50.67 | OK | |
r-release-macos-arm64 | 1.0.4 | 31.00 | OK | |||
r-release-windows-x86_64 | 1.0.4 | 16.00 | 59.00 | 75.00 | OK | |
r-oldrel-macos-arm64 | 1.0.4 | 31.00 | OK | |||
r-oldrel-macos-x86_64 | 1.0.4 | 63.00 | OK | |||
r-oldrel-windows-x86_64 | 1.0.4 | 22.00 | 66.00 | 88.00 | OK |
Version: 1.0.4
Check: data for non-ASCII characters
Result: NOTE
Note: found 3 marked UTF-8 strings
Flavors: r-devel-linux-x86_64-fedora-clang, r-devel-linux-x86_64-fedora-gcc