Last updated on 2024-04-30 21:50:05 CEST.
Flavor | Version | Tinstall | Tcheck | Ttotal | Status | Flags |
---|---|---|---|---|---|---|
r-devel-linux-x86_64-debian-clang | 1.5.2 | 4.19 | 38.57 | 42.76 | NOTE | |
r-devel-linux-x86_64-debian-gcc | 1.5.2 | 1.91 | 28.67 | 30.58 | NOTE | |
r-devel-linux-x86_64-fedora-clang | 1.5.2 | 52.58 | NOTE | |||
r-devel-linux-x86_64-fedora-gcc | 1.5.2 | 50.27 | NOTE | |||
r-devel-windows-x86_64 | 1.5.2 | 5.00 | 53.00 | 58.00 | NOTE | |
r-patched-linux-x86_64 | 1.5.2 | 4.35 | 36.93 | 41.28 | NOTE | |
r-release-linux-x86_64 | 1.5.2 | 3.76 | 36.25 | 40.01 | NOTE | |
r-release-macos-arm64 | 1.5.2 | 19.00 | NOTE | |||
r-release-windows-x86_64 | 1.5.2 | 5.00 | 54.00 | 59.00 | NOTE | |
r-oldrel-macos-arm64 | 1.5.2 | 19.00 | OK | |||
r-oldrel-macos-x86_64 | 1.5.2 | 28.00 | OK | |||
r-oldrel-windows-x86_64 | 1.5.2 | 6.00 | 57.00 | 63.00 | OK |
Version: 1.5.2
Check: Rd files
Result: NOTE
checkRd: (-1) make_style.Rd:51: Lost braces
51 | The style (the code{...} argument) can be anything of the
| ^
Flavors: r-devel-linux-x86_64-debian-clang, r-devel-linux-x86_64-debian-gcc, r-devel-linux-x86_64-fedora-clang, r-devel-linux-x86_64-fedora-gcc, r-devel-windows-x86_64, r-patched-linux-x86_64, r-release-linux-x86_64, r-release-macos-arm64, r-release-windows-x86_64