Last updated on 2024-03-29 04:05:49 CET.
Flavor | Version | Tinstall | Tcheck | Ttotal | Status | Flags |
---|---|---|---|---|---|---|
r-devel-linux-x86_64-debian-clang | 1.1-3 | 59.03 | 914.19 | 973.22 | OK | |
r-devel-linux-x86_64-debian-gcc | 1.1-3 | 46.40 | 654.29 | 700.69 | OK | |
r-devel-linux-x86_64-fedora-clang | 1.1-3 | 1250.18 | NOTE | |||
r-devel-linux-x86_64-fedora-gcc | 1.1-3 | 1185.70 | OK | |||
r-devel-windows-x86_64 | 1.1-3 | 52.00 | 430.00 | 482.00 | NOTE | --no-vignettes |
r-patched-linux-x86_64 | 1.1-3 | 59.17 | 892.53 | 951.70 | OK | |
r-release-linux-x86_64 | 1.1-3 | 45.29 | 891.56 | 936.85 | OK | |
r-release-macos-arm64 | 1.1-3 | 346.00 | NOTE | |||
r-release-macos-x86_64 | 1.1-3 | 732.00 | NOTE | |||
r-release-windows-x86_64 | 1.1-3 | 69.00 | 472.00 | 541.00 | NOTE | --no-vignettes |
r-oldrel-macos-arm64 | 1.1-3 | 374.00 | NOTE | |||
r-oldrel-windows-x86_64 | 1.1-3 | 70.00 | 482.00 | 552.00 | NOTE | --no-vignettes |
Version: 1.1-3
Check: installed package size
Result: NOTE
installed size is 7.8Mb
sub-directories of 1Mb or more:
R 2.1Mb
doc 3.5Mb
Flavors: r-devel-linux-x86_64-fedora-clang, r-release-macos-arm64, r-release-macos-x86_64, r-oldrel-macos-arm64
Version: 1.1-3
Flags: --no-vignettes
Check: installed package size
Result: NOTE
installed size is 7.6Mb
sub-directories of 1Mb or more:
R 2.1Mb
doc 3.5Mb
Flavors: r-devel-windows-x86_64, r-release-windows-x86_64, r-oldrel-windows-x86_64