CRAN Package Check Results for Package cobs

Last updated on 2014-04-24 11:48:43.

Flavor Version Tinstall Tcheck Ttotal Status Flags
r-devel-linux-x86_64-debian-clang 1.2-2 1.68 66.73 68.42 NOTE
r-devel-linux-x86_64-debian-gcc 1.2-2 1.66 65.99 67.66 NOTE
r-devel-linux-x86_64-fedora-clang 1.2-2 133.35 NOTE
r-devel-linux-x86_64-fedora-gcc 1.2-2 130.64 NOTE
r-devel-osx-x86_64-clang 1.2-2 97.79 NOTE
r-devel-osx-x86_64-gcc 1.2-2 ERROR
r-devel-windows-ix86+x86_64 1.2-2 6.00 147.00 153.00 NOTE
r-patched-linux-x86_64 1.2-2 1.64 67.95 69.59 NOTE
r-patched-solaris-sparc 1.2-2 832.20 NOTE
r-patched-solaris-x86 1.2-2 163.90 NOTE
r-release-linux-ix86 1.2-2 3.00 103.00 106.00 NOTE
r-release-linux-x86_64 1.2-2 1.65 67.28 68.93 NOTE
r-release-osx-x86_64-mavericks 1.2-2 WARN
r-release-windows-ix86+x86_64 1.2-2 7.00 149.00 156.00 NOTE
r-oldrel-windows-ix86+x86_64 1.2-2 7.00 156.00 163.00 NOTE

Check Details

Version: 1.2-2
Check: dependencies in R code
Result: NOTE
    Package in Depends field not imported from: ‘quantreg’
     These packages need to be imported from (in the NAMESPACE file)
     for when this namespace is loaded but not attached.
    See the information on DESCRIPTION files in the chapter ‘Creating R
    packages’ of the ‘Writing R Extensions’ manual.
Flavors: r-devel-linux-x86_64-debian-clang, r-devel-linux-x86_64-debian-gcc, r-devel-linux-x86_64-fedora-clang, r-devel-linux-x86_64-fedora-gcc, r-devel-osx-x86_64-clang, r-devel-windows-ix86+x86_64, r-patched-linux-x86_64, r-patched-solaris-sparc, r-patched-solaris-x86, r-release-linux-ix86, r-release-linux-x86_64, r-release-osx-x86_64-mavericks, r-release-windows-ix86+x86_64, r-oldrel-windows-ix86+x86_64

Version: 1.2-2
Check: R code for possible problems
Result: NOTE
    File ‘cobs/R/scobs.R’:
     .onLoad calls:
     packageStartupMessage(sprintf("Package %s (%s) loaded. To cite, see citation(\"%s\")\n", pkg, utils::packageDescription(pkg)$Version, pkg))
    
    See section ‘Good practice’ in '?.onAttach'.
    
    plot.cobs: warning in deparse(x$call, width.cut = 100): partial
     argument match of 'width.cut' to 'width.cutoff'
    plot.cobs: warning in formatC(x$lambda, dig = 3): partial argument
     match of 'dig' to 'digits'
    summary.cobs: warning in .print.part(object$coef, nMin = 7, nam =
     "coef", digits = digits): partial argument match of 'nam' to 'namX'
Flavors: r-devel-linux-x86_64-debian-clang, r-devel-linux-x86_64-debian-gcc, r-devel-linux-x86_64-fedora-clang, r-devel-linux-x86_64-fedora-gcc, r-devel-osx-x86_64-clang, r-devel-windows-ix86+x86_64, r-patched-linux-x86_64, r-patched-solaris-sparc, r-patched-solaris-x86, r-release-linux-ix86, r-release-linux-x86_64, r-release-osx-x86_64-mavericks, r-release-windows-ix86+x86_64, r-oldrel-windows-ix86+x86_64

Version: 1.2-2
Check: top-level files
Result: NOTE
    Non-standard files/directories found at top level:
     ‘Notes-MM’ ‘Pin-notes_2009-02.txt’ ‘R_README’ ‘no-NAMESPACE.R’
     ‘scobs_02_09.txt’
Flavors: r-devel-linux-x86_64-fedora-clang, r-devel-linux-x86_64-fedora-gcc

Version: 1.2-2
Check: package dependencies
Result: ERROR
    Package required but not available: ‘quantreg’
    
    See the information on DESCRIPTION files in the chapter ‘Creating R
    packages’ of the ‘Writing R Extensions’ manual.
Flavor: r-devel-osx-x86_64-gcc

Version: 1.2-2
Check: PDF version of manual
Result: WARNING
    LaTeX errors when creating PDF version.
    This typically indicates Rd problems.
    LaTeX errors found:
    ! LaTeX Error: File `upquote.sty' not found.
    
    Type X to quit or <RETURN> to proceed,
    or enter new name. (Default extension: sty)
    
    a03255/Rd2.tex:8: ==> Fatal error occurred, no output PDF file produced!
Flavor: r-release-osx-x86_64-mavericks