CRAN Package Check Results for Package cobs

Last updated on 2015-02-28 06:46:42.

Flavor Version Tinstall Tcheck Ttotal Status Flags
r-devel-linux-x86_64-debian-clang 1.3-0 1.35 54.43 55.78 NOTE
r-devel-linux-x86_64-debian-gcc 1.3-0 1.37 52.16 53.53 NOTE
r-devel-linux-x86_64-fedora-clang 1.3-0 105.92 NOTE
r-devel-linux-x86_64-fedora-gcc 1.3-0 102.99 NOTE
r-devel-osx-x86_64-clang 1.3-0 90.51 NOTE
r-devel-windows-ix86+x86_64 1.3-0 7.00 130.00 137.00 OK
r-patched-linux-x86_64 1.3-0 1.74 61.88 63.62 OK
r-patched-solaris-sparc 1.3-0 762.80 OK
r-patched-solaris-x86 1.3-0 152.50 OK
r-release-linux-ix86 1.3-0 2.13 77.92 80.05 OK
r-release-linux-x86_64 1.3-0 1.69 64.47 66.16 OK
r-release-osx-x86_64-mavericks 1.3-0 OK
r-release-osx-x86_64-snowleopard 1.3-0 OK
r-release-windows-ix86+x86_64 1.3-0 7.00 148.00 155.00 OK
r-oldrel-windows-ix86+x86_64 1.3-0 7.00 158.00 165.00 OK

Check Details

Version: 1.3-0
Check: S3 generic/method consistency
Result: NOTE
    Found the following apparent S3 methods exported but not registered:
     plot.cobs plot.conreg
    See section ‘Registering S3 methods’ in the ‘Writing R Extensions’
    manual.
Flavors: r-devel-linux-x86_64-debian-clang, r-devel-linux-x86_64-debian-gcc, r-devel-linux-x86_64-fedora-clang, r-devel-linux-x86_64-fedora-gcc, r-devel-osx-x86_64-clang