CRAN Package Check Results for Package cobs

Last updated on 2015-04-26 19:47:14.

Flavor Version Tinstall Tcheck Ttotal Status Flags
r-devel-linux-x86_64-debian-clang 1.3-0 1.48 54.51 55.99 NOTE
r-devel-linux-x86_64-debian-gcc 1.3-0 1.43 53.82 55.25 NOTE
r-devel-linux-x86_64-fedora-clang 1.3-0 106.79 NOTE
r-devel-linux-x86_64-fedora-gcc 1.3-0 100.04 NOTE
r-devel-osx-x86_64-clang 1.3-0 85.59 NOTE
r-devel-windows-ix86+x86_64 1.3-0 6.00 129.00 135.00 OK
r-patched-linux-x86_64 1.3-0 1.39 53.95 55.34 NOTE
r-patched-solaris-sparc 1.3-0 781.60 OK
r-patched-solaris-x86 1.3-0 137.40 NOTE
r-release-linux-x86_64 1.3-0 1.72 52.74 54.47 NOTE
r-release-osx-x86_64-mavericks 1.3-0 OK
r-release-osx-x86_64-snowleopard 1.3-0 ERROR
r-release-windows-ix86+x86_64 1.3-0 8.00 135.00 143.00 OK
r-oldrel-windows-ix86+x86_64 1.3-0 5.00 140.00 145.00 OK

Check Details

Version: 1.3-0
Check: S3 generic/method consistency
Result: NOTE
    Found the following apparent S3 methods exported but not registered:
     plot.cobs plot.conreg
    See section ‘Registering S3 methods’ in the ‘Writing R Extensions’
    manual.
Flavors: r-devel-linux-x86_64-debian-clang, r-devel-linux-x86_64-fedora-clang, r-devel-linux-x86_64-fedora-gcc, r-devel-osx-x86_64-clang, r-patched-solaris-x86

Version: 1.3-0
Check: package dependencies
Result: ERROR
    Package required but not available: ‘quantreg’
    
    See section ‘The DESCRIPTION file’ in the ‘Writing R Extensions’
    manual.
Flavor: r-release-osx-x86_64-snowleopard