CRAN Package Check Results for Package cobs

Last updated on 2014-09-20 08:51:39.

Flavor Version Tinstall Tcheck Ttotal Status Flags
r-devel-linux-x86_64-debian-clang 1.2-2 1.50 66.05 67.55 NOTE
r-devel-linux-x86_64-debian-gcc 1.2-2 1.48 59.56 61.04 NOTE
r-devel-linux-x86_64-fedora-clang 1.2-2 124.67 NOTE
r-devel-linux-x86_64-fedora-gcc 1.2-2 121.02 NOTE
r-devel-osx-x86_64-clang 1.2-2 100.14 NOTE
r-devel-windows-ix86+x86_64 1.2-2 7.00 139.00 146.00 NOTE
r-patched-linux-x86_64 1.2-2 1.58 63.89 65.47 NOTE
r-patched-solaris-sparc 1.2-2 858.80 NOTE
r-patched-solaris-x86 1.2-2 160.00 NOTE
r-release-linux-ix86 1.2-2 2.16 83.02 85.18 NOTE
r-release-linux-x86_64 1.2-2 1.69 65.36 67.05 NOTE
r-release-osx-x86_64-mavericks 1.2-2 NOTE
r-release-windows-ix86+x86_64 1.2-2 7.00 158.00 165.00 NOTE
r-oldrel-windows-ix86+x86_64 1.2-2 7.00 158.00 165.00 NOTE

Check Details

Version: 1.2-2
Check: top-level files
Result: NOTE
    Non-standard files/directories found at top level:
     ‘Notes-MM’ ‘Pin-notes_2009-02.txt’ ‘R_README’ ‘no-NAMESPACE.R’
     ‘scobs_02_09.txt’
Flavors: r-devel-linux-x86_64-debian-clang, r-devel-linux-x86_64-debian-gcc, r-devel-linux-x86_64-fedora-clang, r-devel-linux-x86_64-fedora-gcc, r-patched-linux-x86_64, r-release-linux-x86_64

Version: 1.2-2
Check: dependencies in R code
Result: NOTE
    Packages in Depends field not imported from:
     ‘quantreg’ ‘splines’
     These packages need to be imported from (in the NAMESPACE file)
     for when this namespace is loaded but not attached.
    See the information on DESCRIPTION files in the chapter ‘Creating R
    packages’ of the ‘Writing R Extensions’ manual.
Flavors: r-devel-linux-x86_64-debian-clang, r-devel-linux-x86_64-debian-gcc, r-devel-linux-x86_64-fedora-clang, r-devel-linux-x86_64-fedora-gcc, r-devel-osx-x86_64-clang, r-devel-windows-ix86+x86_64, r-patched-linux-x86_64, r-patched-solaris-sparc, r-patched-solaris-x86

Version: 1.2-2
Check: R code for possible problems
Result: NOTE
    File ‘cobs/R/scobs.R’:
     .onLoad calls:
     packageStartupMessage(sprintf("Package %s (%s) loaded. To cite, see citation(\"%s\")\n", pkg, utils::packageDescription(pkg)$Version, pkg))
    
    See section ‘Good practice’ in '?.onAttach'.
    
    plot.cobs: warning in deparse(x$call, width.cut = 100): partial
     argument match of ‘width.cut’ to ‘width.cutoff’
    plot.cobs: warning in formatC(x$lambda, dig = 3): partial argument
     match of ‘dig’ to ‘digits’
    summary.cobs: warning in .print.part(object$coef, nMin = 7, nam =
     "coef", digits = digits): partial argument match of ‘nam’ to ‘namX’
    drqssbc2: no visible global function definition for ‘rq.fit.sfnc’
    drqssbc2: no visible global function definition for ‘rq.fit.sfn’
Flavors: r-devel-linux-x86_64-debian-clang, r-devel-linux-x86_64-debian-gcc, r-devel-linux-x86_64-fedora-clang, r-devel-linux-x86_64-fedora-gcc, r-devel-osx-x86_64-clang, r-devel-windows-ix86+x86_64

Version: 1.2-2
Check: R code for possible problems
Result: NOTE
    File ‘cobs/R/scobs.R’:
     .onLoad calls:
     packageStartupMessage(sprintf("Package %s (%s) loaded. To cite, see citation(\"%s\")\n", pkg, utils::packageDescription(pkg)$Version, pkg))
    
    See section ‘Good practice’ in '?.onAttach'.
    
    plot.cobs: warning in deparse(x$call, width.cut = 100): partial
     argument match of ‘width.cut’ to ‘width.cutoff’
    plot.cobs: warning in formatC(x$lambda, dig = 3): partial argument
     match of ‘dig’ to ‘digits’
    summary.cobs: warning in .print.part(object$coef, nMin = 7, nam =
     "coef", digits = digits): partial argument match of ‘nam’ to ‘namX’
Flavors: r-patched-linux-x86_64, r-patched-solaris-sparc, r-patched-solaris-x86, r-release-linux-ix86, r-release-linux-x86_64, r-release-osx-x86_64-mavericks, r-release-windows-ix86+x86_64, r-oldrel-windows-ix86+x86_64

Version: 1.2-2
Check: dependencies in R code
Result: NOTE
    Package in Depends field not imported from: ‘quantreg’
     These packages need to be imported from (in the NAMESPACE file)
     for when this namespace is loaded but not attached.
    See the information on DESCRIPTION files in the chapter ‘Creating R
    packages’ of the ‘Writing R Extensions’ manual.
Flavors: r-release-linux-ix86, r-release-linux-x86_64, r-release-osx-x86_64-mavericks, r-release-windows-ix86+x86_64, r-oldrel-windows-ix86+x86_64