CRAN Package Check Results for Package cobs

Last updated on 2017-03-26 11:53:31.

Flavor Version Tinstall Tcheck Ttotal Status Flags
r-devel-linux-x86_64-debian-clang 1.3-2 3.48 95.86 99.34 NOTE
r-devel-linux-x86_64-debian-gcc 1.3-2 3.44 91.61 95.05 NOTE
r-devel-linux-x86_64-fedora-clang 1.3-2 205.49 NOTE --no-stop-on-test-error
r-devel-linux-x86_64-fedora-gcc 1.3-2 192.47 NOTE --no-stop-on-test-error
r-devel-macos-x86_64-clang 1.3-2 143.48 NOTE --no-stop-on-test-error
r-devel-windows-ix86+x86_64 1.3-2 11.00 240.00 251.00 OK
r-patched-linux-x86_64 1.3-2 3.42 90.67 94.09 NOTE
r-patched-solaris-sparc 1.3-2 1267.40 OK
r-patched-solaris-x86 1.3-2 251.90 OK
r-release-linux-x86_64 1.3-2 3.12 77.57 80.69 OK
r-release-osx-x86_64-mavericks 1.3-2 OK
r-release-windows-ix86+x86_64 1.3-2 15.00 220.00 235.00 OK
r-oldrel-windows-ix86+x86_64 1.3-2 10.00 210.00 220.00 OK

Check Details

Version: 1.3-2
Check: compiled code
Result: NOTE
    File ‘cobs/libs/cobs.so’:
     Found no calls to: ‘R_registerRoutines’, ‘R_useDynamicSymbols’
    
    It is good practice to register native routines and to disable symbol
    search.
    
    See ‘Writing portable packages’ in the ‘Writing R Extensions’ manual.
Flavors: r-devel-linux-x86_64-debian-clang, r-devel-linux-x86_64-debian-gcc, r-patched-linux-x86_64

Version: 1.3-2
Flags: --no-stop-on-test-error
Check: compiled code
Result: NOTE
    File ‘cobs/libs/cobs.so’:
     Found no calls to: ‘R_registerRoutines’, ‘R_useDynamicSymbols’
    
    It is good practice to register native routines and to disable symbol
    search.
    
    See ‘Writing portable packages’ in the ‘Writing R Extensions’ manual.
Flavors: r-devel-linux-x86_64-fedora-clang, r-devel-linux-x86_64-fedora-gcc, r-devel-macos-x86_64-clang