Last updated on 2024-05-23 12:48:22 CEST.
Flavor | Version | Tinstall | Tcheck | Ttotal | Status | Flags |
---|---|---|---|---|---|---|
r-devel-linux-x86_64-debian-clang | 0.0.1 | 10.02 | 33.13 | 43.15 | NOTE | |
r-devel-linux-x86_64-debian-gcc | 0.0.1 | 8.17 | 24.73 | 32.90 | NOTE | |
r-devel-linux-x86_64-fedora-clang | 0.0.1 | 57.22 | NOTE | |||
r-devel-linux-x86_64-fedora-gcc | 0.0.1 | 53.70 | NOTE | |||
r-devel-windows-x86_64 | 0.0.1 | 16.00 | 48.00 | 64.00 | NOTE | |
r-patched-linux-x86_64 | 0.0.1 | 10.15 | 31.83 | 41.98 | NOTE | |
r-release-linux-x86_64 | 0.0.1 | 9.78 | 32.02 | 41.80 | NOTE | |
r-release-macos-arm64 | 0.0.1 | 20.00 | NOTE | |||
r-release-windows-x86_64 | 0.0.1 | 16.00 | 46.00 | 62.00 | NOTE | |
r-oldrel-macos-arm64 | 0.0.1 | 17.00 | OK | |||
r-oldrel-macos-x86_64 | 0.0.1 | 32.00 | OK | |||
r-oldrel-windows-x86_64 | 0.0.1 | 16.00 | 51.00 | 67.00 | OK |
Version: 0.0.1
Check: Rd files
Result: NOTE
checkRd: (-1) cmb.search.Rd:50: Lost braces; missing escapes or markup?
50 | \item{order}{applied conditioning order {length p}}
| ^
Flavors: r-devel-linux-x86_64-debian-clang, r-devel-linux-x86_64-debian-gcc, r-devel-linux-x86_64-fedora-clang, r-devel-linux-x86_64-fedora-gcc, r-devel-windows-x86_64, r-patched-linux-x86_64, r-release-linux-x86_64, r-release-macos-arm64, r-release-windows-x86_64