Last updated on 2024-04-30 21:50:04 CEST.
Flavor | Version | Tinstall | Tcheck | Ttotal | Status | Flags |
---|---|---|---|---|---|---|
r-devel-linux-x86_64-debian-clang | 1.1 | 2.96 | 24.93 | 27.89 | NOTE | |
r-devel-linux-x86_64-debian-gcc | 1.1 | 1.82 | 18.91 | 20.73 | NOTE | |
r-devel-linux-x86_64-fedora-clang | 1.1 | 35.62 | NOTE | |||
r-devel-linux-x86_64-fedora-gcc | 1.1 | 36.61 | NOTE | |||
r-devel-windows-x86_64 | 1.1 | 3.00 | 40.00 | 43.00 | NOTE | |
r-patched-linux-x86_64 | 1.1 | 3.12 | 23.50 | 26.62 | NOTE | |
r-release-linux-x86_64 | 1.1 | 2.98 | 24.03 | 27.01 | NOTE | |
r-release-macos-arm64 | 1.1 | 15.00 | NOTE | |||
r-release-windows-x86_64 | 1.1 | 3.00 | 40.00 | 43.00 | NOTE | |
r-oldrel-macos-arm64 | 1.1 | 17.00 | NOTE | |||
r-oldrel-macos-x86_64 | 1.1 | 20.00 | NOTE | |||
r-oldrel-windows-x86_64 | 1.1 | 4.00 | 36.00 | 40.00 | NOTE |
Version: 1.1
Check: package subdirectories
Result: NOTE
Problems with news in ‘NEWS.md’:
No news entries found.
Flavors: r-devel-linux-x86_64-debian-clang, r-devel-linux-x86_64-debian-gcc, r-devel-linux-x86_64-fedora-clang, r-devel-linux-x86_64-fedora-gcc, r-devel-windows-x86_64, r-patched-linux-x86_64, r-release-linux-x86_64, r-release-macos-arm64, r-release-windows-x86_64, r-oldrel-macos-arm64, r-oldrel-macos-x86_64, r-oldrel-windows-x86_64