Last updated on 2024-05-23 12:48:22 CEST.
Flavor | Version | Tinstall | Tcheck | Ttotal | Status | Flags |
---|---|---|---|---|---|---|
r-devel-linux-x86_64-debian-clang | 1.1.0 | 36.77 | 22.35 | 59.12 | OK | |
r-devel-linux-x86_64-debian-gcc | 1.1.0 | 31.27 | 17.72 | 48.99 | OK | |
r-devel-linux-x86_64-fedora-clang | 1.1.0 | 81.53 | NOTE | |||
r-devel-linux-x86_64-fedora-gcc | 1.1.0 | 76.63 | NOTE | |||
r-devel-windows-x86_64 | 1.1.0 | 30.00 | 37.00 | 67.00 | OK | |
r-patched-linux-x86_64 | 1.1.0 | 38.15 | 22.41 | 60.56 | OK | |
r-release-linux-x86_64 | 1.1.0 | 36.73 | 22.24 | 58.97 | OK | |
r-release-macos-arm64 | 1.1.0 | 33.00 | OK | |||
r-release-macos-x86_64 | 1.1.0 | 76.00 | OK | |||
r-release-windows-x86_64 | 1.1.0 | 31.00 | 37.00 | 68.00 | OK | |
r-oldrel-macos-arm64 | 1.1.0 | 41.00 | OK | |||
r-oldrel-macos-x86_64 | 1.1.0 | 92.00 | OK | |||
r-oldrel-windows-x86_64 | 1.1.0 | 36.00 | 34.00 | 70.00 | OK |
Version: 1.1.0
Check: data for non-ASCII characters
Result: NOTE
Note: found 494 marked Latin-1 strings
Note: found 11871 marked UTF-8 strings
Flavors: r-devel-linux-x86_64-fedora-clang, r-devel-linux-x86_64-fedora-gcc