Last updated on 2024-04-30 21:50:04 CEST.
Flavor | Version | Tinstall | Tcheck | Ttotal | Status | Flags |
---|---|---|---|---|---|---|
r-devel-linux-x86_64-debian-clang | 0.9.39 | 5.92 | 40.96 | 46.88 | OK | |
r-devel-linux-x86_64-debian-gcc | 0.9.39 | 4.09 | 30.59 | 34.68 | OK | |
r-devel-linux-x86_64-fedora-clang | 0.9.39 | 59.57 | NOTE | |||
r-devel-linux-x86_64-fedora-gcc | 0.9.39 | 61.12 | NOTE | |||
r-devel-windows-x86_64 | 0.9.39 | 6.00 | 57.00 | 63.00 | OK | |
r-patched-linux-x86_64 | 0.9.39 | 6.43 | 39.19 | 45.62 | OK | |
r-release-linux-x86_64 | 0.9.39 | 5.30 | 39.23 | 44.53 | OK | |
r-release-macos-arm64 | 0.9.39 | 20.00 | OK | |||
r-release-windows-x86_64 | 0.9.39 | 5.00 | 57.00 | 62.00 | OK | |
r-oldrel-macos-arm64 | 0.9.39 | 22.00 | OK | |||
r-oldrel-macos-x86_64 | 0.9.39 | 36.00 | OK | |||
r-oldrel-windows-x86_64 | 0.9.39 | 7.00 | 59.00 | 66.00 | OK |
Version: 0.9.39
Check: data for non-ASCII characters
Result: NOTE
Note: found 1 marked UTF-8 string
Flavors: r-devel-linux-x86_64-fedora-clang, r-devel-linux-x86_64-fedora-gcc