Last updated on 2024-05-13 05:52:26 CEST.
Flavor | Version | Tinstall | Tcheck | Ttotal | Status | Flags |
---|---|---|---|---|---|---|
r-devel-linux-x86_64-debian-clang | 1.0.0 | 2.38 | 144.08 | 146.46 | OK | |
r-devel-linux-x86_64-debian-gcc | 1.0.0 | 2.45 | 101.23 | 103.68 | OK | |
r-devel-linux-x86_64-fedora-clang | 1.0.0 | 182.82 | NOTE | |||
r-devel-linux-x86_64-fedora-gcc | 1.0.0 | 200.50 | NOTE | |||
r-devel-windows-x86_64 | 1.0.0 | 5.00 | 115.00 | 120.00 | OK | |
r-patched-linux-x86_64 | 1.0.0 | 3.66 | 131.94 | 135.60 | OK | |
r-release-linux-x86_64 | 1.0.0 | 3.43 | 132.28 | 135.71 | OK | |
r-release-macos-arm64 | 1.0.0 | 53.00 | OK | |||
r-release-windows-x86_64 | 1.0.0 | 5.00 | 120.00 | 125.00 | OK | |
r-oldrel-macos-arm64 | 1.0.0 | 57.00 | OK | |||
r-oldrel-macos-x86_64 | 1.0.0 | 99.00 | OK | |||
r-oldrel-windows-x86_64 | 1.0.0 | 5.00 | 147.00 | 152.00 | OK |
Version: 1.0.0
Check: dependencies in R code
Result: NOTE
Namespaces in Imports field not imported from:
‘AER’ ‘graphics’ ‘lmtest’
All declared Imports should be used.
Flavors: r-devel-linux-x86_64-fedora-clang, r-devel-linux-x86_64-fedora-gcc