Last updated on 2024-04-27 06:01:00 CEST.
Flavor | Version | Tinstall | Tcheck | Ttotal | Status | Flags |
---|---|---|---|---|---|---|
r-devel-linux-x86_64-debian-clang | 0.4.9 | 3.88 | 51.75 | 55.63 | NOTE | |
r-devel-linux-x86_64-debian-gcc | 0.4.9 | 2.41 | 38.21 | 40.62 | NOTE | |
r-devel-linux-x86_64-fedora-clang | 0.4.9 | 69.39 | NOTE | |||
r-devel-linux-x86_64-fedora-gcc | 0.4.9 | 79.00 | NOTE | |||
r-devel-windows-x86_64 | 0.4.9 | 4.00 | 89.00 | 93.00 | NOTE | |
r-patched-linux-x86_64 | 0.4.9 | 4.24 | 49.47 | 53.71 | NOTE | |
r-release-linux-x86_64 | 0.4.9 | 3.49 | 49.20 | 52.69 | OK | |
r-release-macos-arm64 | 0.4.9 | 31.00 | NOTE | |||
r-release-windows-x86_64 | 0.4.9 | 4.00 | 88.00 | 92.00 | NOTE | |
r-oldrel-macos-arm64 | 0.4.9 | 131.00 | OK | |||
r-oldrel-macos-x86_64 | 0.4.9 | 166.00 | OK | |||
r-oldrel-windows-x86_64 | 0.4.9 | 5.00 | 86.00 | 91.00 | OK |
Version: 0.4.9
Check: Rd files
Result: NOTE
checkRd: (-1) fitweibull.Rd:51: Lost braces in \itemize; \value handles \item{}{} directly
checkRd: (-1) fitweibull.Rd:52: Lost braces in \itemize; \value handles \item{}{} directly
checkRd: (-1) fitweibull.Rd:53: Lost braces in \itemize; \value handles \item{}{} directly
Flavors: r-devel-linux-x86_64-debian-clang, r-devel-linux-x86_64-debian-gcc, r-devel-linux-x86_64-fedora-clang, r-devel-linux-x86_64-fedora-gcc, r-devel-windows-x86_64, r-patched-linux-x86_64, r-release-macos-arm64, r-release-windows-x86_64