Last updated on 2024-04-30 21:50:03 CEST.
Flavor | Version | Tinstall | Tcheck | Ttotal | Status | Flags |
---|---|---|---|---|---|---|
r-devel-linux-x86_64-debian-clang | 1.1 | 46.95 | 35.03 | 81.98 | OK | |
r-devel-linux-x86_64-debian-gcc | 1.1 | 33.78 | 26.48 | 60.26 | OK | |
r-devel-linux-x86_64-fedora-clang | 1.1 | 110.82 | NOTE | |||
r-devel-linux-x86_64-fedora-gcc | 1.1 | 112.77 | NOTE | |||
r-devel-windows-x86_64 | 1.1 | 34.00 | 67.00 | 101.00 | OK | |
r-patched-linux-x86_64 | 1.1 | 47.37 | 34.62 | 81.99 | OK | |
r-release-linux-x86_64 | 1.1 | 46.71 | 33.87 | 80.58 | OK | |
r-release-macos-arm64 | 1.1 | 30.00 | OK | |||
r-release-windows-x86_64 | 1.1 | 36.00 | 67.00 | 103.00 | OK | |
r-oldrel-macos-arm64 | 1.1 | 35.00 | OK | |||
r-oldrel-macos-x86_64 | 1.1 | 51.00 | OK | |||
r-oldrel-windows-x86_64 | 1.1 | 43.00 | 73.00 | 116.00 | OK |
Version: 1.1
Check: compiled code
Result: NOTE
File ‘bvarsv/libs/bvarsv.so’:
Found no calls to: ‘R_registerRoutines’, ‘R_useDynamicSymbols’
It is good practice to register native routines and to disable symbol
search.
See ‘Writing portable packages’ in the ‘Writing R Extensions’ manual.
Flavors: r-devel-linux-x86_64-fedora-clang, r-devel-linux-x86_64-fedora-gcc