Last updated on 2024-04-19 03:56:16 CEST.
Flavor | Version | Tinstall | Tcheck | Ttotal | Status | Flags |
---|---|---|---|---|---|---|
r-devel-linux-x86_64-debian-clang | 4.9.3 | 61.85 | 132.49 | 194.34 | OK | |
r-devel-linux-x86_64-debian-gcc | 4.9.3 | 46.22 | 93.90 | 140.12 | OK | |
r-devel-linux-x86_64-fedora-clang | 4.9.3 | 237.28 | OK | |||
r-devel-linux-x86_64-fedora-gcc | 4.9.3 | 234.60 | OK | |||
r-prerel-macos-arm64 | 4.9.3 | 52.00 | OK | |||
r-prerel-macos-x86_64 | 4.9.3 | 180.00 | NOTE | |||
r-prerel-windows-x86_64 | 4.9.3 | 85.00 | 115.00 | 200.00 | OK | |
r-patched-linux-x86_64 | 4.9.3 | 58.43 | 127.12 | 185.55 | OK | |
r-release-linux-x86_64 | 4.9.3 | 54.72 | 126.01 | 180.73 | OK | |
r-release-macos-arm64 | 4.9.3 | 82.00 | OK | |||
r-release-macos-x86_64 | 4.9.3 | 173.00 | OK | |||
r-release-windows-x86_64 | 4.9.3 | 93.00 | 150.00 | 243.00 | OK | |
r-oldrel-macos-arm64 | 4.9 | 71.00 | OK | |||
r-oldrel-windows-x86_64 | 4.9 | 101.00 | 138.00 | 239.00 | WARN |
Version: 4.9.3
Check: installed package size
Result: NOTE
installed size is 5.1Mb
sub-directories of 1Mb or more:
data 2.1Mb
libs 1.7Mb
Flavor: r-prerel-macos-x86_64
Version: 4.9
Check: whether package can be installed
Result: WARN
Found the following significant warnings:
bnlearn/../fitted/fitted.h:63:4: warning: ISO C99 doesn't support unnamed structs/unions [-Wpedantic]
fitted/fitted.h:63:4: warning: ISO C99 doesn't support unnamed structs/unions [-Wpedantic]
inference/loglikelihood/../../fitted/fitted.h:63:4: warning: ISO C99 doesn't support unnamed structs/unions [-Wpedantic]
inference/../fitted/fitted.h:63:4: warning: ISO C99 doesn't support unnamed structs/unions [-Wpedantic]
inference/rinterface/../../fitted/fitted.h:63:4: warning: ISO C99 doesn't support unnamed structs/unions [-Wpedantic]
minimal/../fitted/fitted.h:63:4: warning: ISO C99 doesn't support unnamed structs/unions [-Wpedantic]
predict/../fitted/fitted.h:63:4: warning: ISO C99 doesn't support unnamed structs/unions [-Wpedantic]
sanitization/../fitted/fitted.h:63:4: warning: ISO C99 doesn't support unnamed structs/unions [-Wpedantic]
Flavor: r-oldrel-windows-x86_64