Last updated on 2024-05-08 12:05:47 CEST.
Flavor | Version | Tinstall | Tcheck | Ttotal | Status | Flags |
---|---|---|---|---|---|---|
r-devel-linux-x86_64-debian-clang | 0.1.1 | 6.95 | 104.91 | 111.86 | NOTE | |
r-devel-linux-x86_64-debian-gcc | 0.1.1 | 5.64 | 78.61 | 84.25 | NOTE | |
r-devel-linux-x86_64-fedora-clang | 0.1.1 | 149.40 | NOTE | |||
r-devel-linux-x86_64-fedora-gcc | 0.1.1 | 173.20 | NOTE | |||
r-devel-windows-x86_64 | 0.1.1 | 9.00 | 98.00 | 107.00 | NOTE | |
r-patched-linux-x86_64 | 0.1.1 | 6.62 | 102.41 | 109.03 | NOTE | |
r-release-linux-x86_64 | 0.1.1 | 6.78 | 109.89 | 116.67 | NOTE | |
r-release-macos-arm64 | 0.1.1 | 50.00 | NOTE | |||
r-release-windows-x86_64 | 0.1.1 | 7.00 | 100.00 | 107.00 | NOTE | |
r-oldrel-macos-arm64 | 0.1.1 | 54.00 | OK | |||
r-oldrel-macos-x86_64 | 0.1.1 | 73.00 | NOTE | |||
r-oldrel-windows-x86_64 | 0.1.1 | 9.00 | 118.00 | 127.00 | OK |
Version: 0.1.1
Check: Rd files
Result: NOTE
checkRd: (-1) estimate_density.Rd:25: Lost braces; missing escapes or markup?
25 | evenly spaced points between \code{min} and {max}.
| ^
Flavors: r-devel-linux-x86_64-debian-clang, r-devel-linux-x86_64-debian-gcc, r-devel-linux-x86_64-fedora-clang, r-devel-linux-x86_64-fedora-gcc, r-devel-windows-x86_64, r-patched-linux-x86_64, r-release-linux-x86_64, r-release-macos-arm64, r-release-windows-x86_64
Version: 0.1.1
Check: package dependencies
Result: NOTE
Package suggested but not available for checking: ‘reldist’
Flavor: r-oldrel-macos-x86_64