Last updated on 2024-04-30 21:50:02 CEST.
Flavor | Version | Tinstall | Tcheck | Ttotal | Status | Flags |
---|---|---|---|---|---|---|
r-devel-linux-x86_64-debian-clang | 1.2.0 | 7.93 | 24.67 | 32.60 | NOTE | |
r-devel-linux-x86_64-debian-gcc | 1.2.0 | 6.52 | 19.27 | 25.79 | NOTE | |
r-devel-linux-x86_64-fedora-clang | 1.2.0 | 40.58 | NOTE | |||
r-devel-linux-x86_64-fedora-gcc | 1.2.0 | 41.39 | NOTE | |||
r-devel-windows-x86_64 | 1.2.0 | 11.00 | 39.00 | 50.00 | NOTE | |
r-patched-linux-x86_64 | 1.2.0 | 7.07 | 23.87 | 30.94 | NOTE | |
r-release-linux-x86_64 | 1.2.0 | 8.60 | 23.92 | 32.52 | NOTE | |
r-release-macos-arm64 | 1.2.0 | 16.00 | NOTE | |||
r-release-windows-x86_64 | 1.2.0 | 10.00 | 39.00 | 49.00 | NOTE | |
r-oldrel-macos-arm64 | 1.2.0 | 18.00 | OK | |||
r-oldrel-macos-x86_64 | 1.2.0 | 26.00 | OK | |||
r-oldrel-windows-x86_64 | 1.2.0 | 10.00 | 38.00 | 48.00 | OK |
Version: 1.2.0
Check: Rd files
Result: NOTE
checkRd: (-1) simulation.Rd:52-54: Lost braces in \itemize; meant \describe ?
checkRd: (-1) simulation.Rd:55-57: Lost braces in \itemize; meant \describe ?
checkRd: (-1) simulation.Rd:58-59: Lost braces in \itemize; meant \describe ?
checkRd: (-1) simulation.Rd:60-62: Lost braces in \itemize; meant \describe ?
checkRd: (-1) simulation.Rd:63: Lost braces in \itemize; meant \describe ?
checkRd: (-1) simulation.Rd:64: Lost braces in \itemize; meant \describe ?
checkRd: (-1) simulation.Rd:65: Lost braces in \itemize; meant \describe ?
Flavors: r-devel-linux-x86_64-debian-clang, r-devel-linux-x86_64-debian-gcc, r-devel-linux-x86_64-fedora-clang, r-devel-linux-x86_64-fedora-gcc, r-devel-windows-x86_64, r-patched-linux-x86_64, r-release-linux-x86_64, r-release-macos-arm64, r-release-windows-x86_64
Version: 1.2.0
Check: compiled code
Result: NOTE
File ‘bioPN/libs/bioPN.so’:
Found no calls to: ‘R_registerRoutines’, ‘R_useDynamicSymbols’
It is good practice to register native routines and to disable symbol
search.
See ‘Writing portable packages’ in the ‘Writing R Extensions’ manual.
Flavors: r-devel-linux-x86_64-fedora-clang, r-devel-linux-x86_64-fedora-gcc