Last updated on 2024-04-20 03:52:54 CEST.
Flavor | Version | Tinstall | Tcheck | Ttotal | Status | Flags |
---|---|---|---|---|---|---|
r-devel-linux-x86_64-debian-clang | 1.8.5 | 5.82 | 52.44 | 58.26 | NOTE | |
r-devel-linux-x86_64-debian-gcc | 1.8.5 | NOTE | ||||
r-devel-linux-x86_64-fedora-clang | 1.8.5 | 71.49 | NOTE | |||
r-devel-linux-x86_64-fedora-gcc | 1.8.5 | 68.16 | NOTE | |||
r-prerel-macos-arm64 | 1.8.5 | 24.00 | NOTE | |||
r-prerel-windows-x86_64 | 1.8.5 | 6.00 | 60.00 | 66.00 | NOTE | |
r-patched-linux-x86_64 | 1.8.5 | 4.14 | 49.95 | 54.09 | NOTE | |
r-release-linux-x86_64 | 1.8.5 | 5.31 | 51.27 | 56.58 | NOTE | |
r-release-macos-arm64 | 1.8.5 | 23.00 | NOTE | |||
r-release-macos-x86_64 | 1.8.5 | 36.00 | NOTE | |||
r-release-windows-x86_64 | 1.8.5 | 7.00 | 67.00 | 74.00 | NOTE | |
r-oldrel-macos-arm64 | 1.8.5 | 25.00 | OK | |||
r-oldrel-windows-x86_64 | 1.8.5 | 7.00 | 71.00 | 78.00 | OK |
Version: 1.8.5
Check: Rd files
Result: NOTE
checkRd: (-1) bgmm-package.Rd:23: Escaped LaTeX specials: \&
Flavors: r-devel-linux-x86_64-debian-clang, r-devel-linux-x86_64-debian-gcc, r-devel-linux-x86_64-fedora-clang, r-devel-linux-x86_64-fedora-gcc, r-prerel-macos-arm64, r-prerel-windows-x86_64, r-patched-linux-x86_64, r-release-linux-x86_64, r-release-macos-arm64, r-release-macos-x86_64, r-release-windows-x86_64