Last updated on 2024-03-19 03:52:19 CET.
Flavor | Version | Tinstall | Tcheck | Ttotal | Status | Flags |
---|---|---|---|---|---|---|
r-devel-linux-x86_64-debian-clang | 5.7-1 | 74.52 | 291.26 | 365.78 | NOTE | |
r-devel-linux-x86_64-debian-gcc | 5.7-1 | 54.95 | 217.62 | 272.57 | NOTE | |
r-devel-linux-x86_64-fedora-clang | 5.7-1 | 452.53 | NOTE | |||
r-devel-linux-x86_64-fedora-gcc | 5.7-1 | 455.14 | NOTE | |||
r-devel-windows-x86_64 | 5.7-1 | 70.00 | 308.00 | 378.00 | NOTE | |
r-patched-linux-x86_64 | 5.7-1 | 70.60 | 289.37 | 359.97 | OK | |
r-release-linux-x86_64 | 5.7-1 | 59.85 | 286.03 | 345.88 | OK | |
r-release-macos-arm64 | 5.7-1 | 139.00 | NOTE | |||
r-release-macos-x86_64 | 5.7-1 | 237.00 | NOTE | |||
r-release-windows-x86_64 | 5.7-1 | 88.00 | 357.00 | 445.00 | OK | |
r-oldrel-macos-arm64 | 5.7-1 | 123.00 | NOTE | |||
r-oldrel-windows-x86_64 | 5.7-1 | 84.00 | 376.00 | 460.00 | OK |
Version: 5.7-1
Check: Rd files
Result: NOTE
checkRd: (-1) bd.time.Rd:50-51: Lost braces in \itemize; \value handles \item{}{} directly
checkRd: (-1) bd.time.Rd:52: Lost braces in \itemize; \value handles \item{}{} directly
checkRd: (-1) bd.time.Rd:53-54: Lost braces in \itemize; \value handles \item{}{} directly
checkRd: (-1) bd.time.Rd:55: Lost braces in \itemize; \value handles \item{}{} directly
checkRd: (-1) bd.time.Rd:56: Lost braces in \itemize; \value handles \item{}{} directly
checkRd: (-1) bd.time.Rd:57: Lost braces in \itemize; \value handles \item{}{} directly
checkRd: (-1) chronos.Rd:73-74: Lost braces in \itemize; meant \describe ?
checkRd: (-1) chronos.Rd:75-76: Lost braces in \itemize; meant \describe ?
checkRd: (-1) chronos.Rd:77-78: Lost braces in \itemize; meant \describe ?
checkRd: (-1) chronos.Rd:79-81: Lost braces in \itemize; meant \describe ?
checkRd: (-1) chronos.Rd:82-83: Lost braces in \itemize; meant \describe ?
checkRd: (-1) chronos.Rd:84: Lost braces in \itemize; meant \describe ?
checkRd: (-1) corClasses.Rd:10: Lost braces in \itemize; meant \describe ?
checkRd: (-1) corClasses.Rd:11-12: Lost braces in \itemize; meant \describe ?
checkRd: (-1) corClasses.Rd:13: Lost braces in \itemize; meant \describe ?
checkRd: (-1) corClasses.Rd:14: Lost braces in \itemize; meant \describe ?
checkRd: (-1) corClasses.Rd:15: Lost braces in \itemize; meant \describe ?
checkRd: (-1) delta.plot.Rd:32-33: Lost braces in \itemize; \value handles \item{}{} directly
checkRd: (-1) delta.plot.Rd:34-35: Lost braces in \itemize; \value handles \item{}{} directly
checkRd: (-1) dist.dna.Rd:47-50: Lost braces in \itemize; meant \describe ?
checkRd: (-1) dist.dna.Rd:52-53: Lost braces in \itemize; meant \describe ?
checkRd: (-1) dist.dna.Rd:55-62: Lost braces in \itemize; meant \describe ?
checkRd: (-1) dist.dna.Rd:64-77: Lost braces in \itemize; meant \describe ?
checkRd: (-1) dist.dna.Rd:79-81: Lost braces in \itemize; meant \describe ?
checkRd: (-1) dist.dna.Rd:83-87: Lost braces in \itemize; meant \describe ?
checkRd: (-1) dist.dna.Rd:89-93: Lost braces in \itemize; meant \describe ?
checkRd: (-1) dist.dna.Rd:95-97: Lost braces in \itemize; meant \describe ?
checkRd: (-1) dist.dna.Rd:99-103: Lost braces in \itemize; meant \describe ?
checkRd: (-1) dist.dna.Rd:105-109: Lost braces in \itemize; meant \describe ?
checkRd: (-1) dist.dna.Rd:111-113: Lost braces in \itemize; meant \describe ?
checkRd: (-1) dist.dna.Rd:115-120: Lost braces in \itemize; meant \describe ?
checkRd: (-1) dist.dna.Rd:122-123: Lost braces in \itemize; meant \describe ?
checkRd: (-1) dist.dna.Rd:125-126: Lost braces in \itemize; meant \describe ?
checkRd: (-1) dist.dna.Rd:128-131: Lost braces in \itemize; meant \describe ?
checkRd: (-1) makeNodeLabel.Rd:26-28: Lost braces in \itemize; meant \describe ?
checkRd: (-1) makeNodeLabel.Rd:29-33: Lost braces in \itemize; meant \describe ?
checkRd: (-1) makeNodeLabel.Rd:34-40: Lost braces in \itemize; meant \describe ?
checkRd: (-1) rTraitCont.Rd:35-41: Lost braces in \itemize; meant \describe ?
checkRd: (-1) rTraitCont.Rd:43-48: Lost braces in \itemize; meant \describe ?
checkRd: (-1) rTraitCont.Rd:50-53: Lost braces in \itemize; meant \describe ?
checkRd: (-1) rTraitDisc.Rd:43-44: Lost braces in \itemize; meant \describe ?
checkRd: (-1) rTraitDisc.Rd:46-51: Lost braces in \itemize; meant \describe ?
checkRd: (-1) rTraitDisc.Rd:53-55: Lost braces in \itemize; meant \describe ?
checkRd: (-1) read.dna.Rd:67-72: Lost braces in \itemize; meant \describe ?
checkRd: (-1) read.dna.Rd:74-77: Lost braces in \itemize; meant \describe ?
checkRd: (-1) read.dna.Rd:79-82: Lost braces in \itemize; meant \describe ?
checkRd: (-1) read.dna.Rd:84-89: Lost braces in \itemize; meant \describe ?
checkRd: (-1) read.nexus.data.Rd:34-41: Lost braces in \itemize; meant \describe ?
checkRd: (-1) read.nexus.data.Rd:42-45: Lost braces in \itemize; meant \describe ?
checkRd: (-1) read.nexus.data.Rd:46-51: Lost braces in \itemize; meant \describe ?
checkRd: (-1) read.nexus.data.Rd:52-60: Lost braces in \itemize; meant \describe ?
checkRd: (-1) read.nexus.data.Rd:61-68: Lost braces in \itemize; meant \describe ?
checkRd: (-1) read.nexus.data.Rd:69-74: Lost braces in \itemize; meant \describe ?
checkRd: (-1) read.nexus.data.Rd:75-98: Lost braces in \itemize; meant \describe ?
checkRd: (-1) stree.Rd:23: Lost braces in \itemize; meant \describe ?
checkRd: (-1) stree.Rd:24-25: Lost braces in \itemize; meant \describe ?
checkRd: (-1) stree.Rd:26-27: Lost braces in \itemize; meant \describe ?
checkRd: (-1) stree.Rd:28: Lost braces in \itemize; meant \describe ?
Flavors: r-devel-linux-x86_64-debian-clang, r-devel-linux-x86_64-debian-gcc, r-devel-linux-x86_64-fedora-clang, r-devel-linux-x86_64-fedora-gcc, r-devel-windows-x86_64
Version: 5.7-1
Check: installed package size
Result: NOTE
installed size is 5.9Mb
sub-directories of 1Mb or more:
R 2.0Mb
doc 1.2Mb
libs 1.7Mb
Flavors: r-release-macos-arm64, r-release-macos-x86_64, r-oldrel-macos-arm64