Last updated on 2024-05-23 12:48:19 CEST.
Flavor | Version | Tinstall | Tcheck | Ttotal | Status | Flags |
---|---|---|---|---|---|---|
r-devel-linux-x86_64-debian-clang | 0.11.0.1 | 50.26 | 23.36 | 73.62 | OK | |
r-devel-linux-x86_64-debian-gcc | 0.11.0.1 | 40.49 | 18.04 | 58.53 | OK | |
r-devel-linux-x86_64-fedora-clang | 0.12.0 | 91.73 | OK | |||
r-devel-linux-x86_64-fedora-gcc | 0.12.0 | 103.22 | OK | |||
r-devel-windows-x86_64 | 0.11.0.1 | 45.00 | 110.00 | 155.00 | NOTE | |
r-patched-linux-x86_64 | 0.11.0.1 | 48.08 | 22.94 | 71.02 | OK | |
r-release-linux-x86_64 | 0.11.0.1 | 58.37 | 22.02 | 80.39 | OK | |
r-release-macos-arm64 | 0.11.0.1 | 31.00 | NOTE | |||
r-release-macos-x86_64 | 0.12.0 | 51.00 | NOTE | |||
r-release-windows-x86_64 | 0.11.0.1 | 46.00 | 121.00 | 167.00 | NOTE | |
r-oldrel-macos-arm64 | 0.11.0.1 | 35.00 | NOTE | |||
r-oldrel-macos-x86_64 | 0.12.0 | 510.00 | NOTE | |||
r-oldrel-windows-x86_64 | 0.11.0.1 | 57.00 | 129.00 | 186.00 | NOTE |
Version: 0.11.0.1
Check: installed package size
Result: NOTE
installed size is 6.7Mb
sub-directories of 1Mb or more:
libs 6.7Mb
Flavors: r-devel-windows-x86_64, r-release-macos-arm64, r-release-windows-x86_64, r-oldrel-macos-arm64, r-oldrel-windows-x86_64
Version: 0.12.0
Check: installed package size
Result: NOTE
installed size is 5.8Mb
sub-directories of 1Mb or more:
libs 5.7Mb
Flavors: r-release-macos-x86_64, r-oldrel-macos-x86_64