Last updated on 2024-05-21 11:53:54 CEST.
Flavor | Version | Tinstall | Tcheck | Ttotal | Status | Flags |
---|---|---|---|---|---|---|
r-devel-linux-x86_64-debian-clang | 0.2.3 | 7.41 | 94.19 | 101.60 | NOTE | |
r-devel-linux-x86_64-debian-gcc | 0.2.3 | 6.90 | 70.02 | 76.92 | NOTE | |
r-devel-linux-x86_64-fedora-clang | 0.2.3 | 130.35 | NOTE | |||
r-devel-linux-x86_64-fedora-gcc | 0.2.3 | 132.38 | NOTE | |||
r-devel-windows-x86_64 | 0.2.3 | 9.00 | 126.00 | 135.00 | NOTE | |
r-patched-linux-x86_64 | 0.2.3 | 5.58 | 90.04 | 95.62 | NOTE | |
r-release-linux-x86_64 | 0.2.3 | 5.03 | 91.14 | 96.17 | NOTE | |
r-release-macos-arm64 | 0.2.3 | 51.00 | NOTE | |||
r-release-windows-x86_64 | 0.2.3 | 8.00 | 125.00 | 133.00 | NOTE | |
r-oldrel-macos-arm64 | 0.2.3 | 47.00 | OK | |||
r-oldrel-macos-x86_64 | 0.2.3 | 81.00 | OK | |||
r-oldrel-windows-x86_64 | 0.2.3 | 11.00 | 130.00 | 141.00 | OK |
Version: 0.2.3
Check: Rd files
Result: NOTE
checkRd: (-1) show_query.Rd:27: Lost braces in \itemize; meant \describe ?
checkRd: (-1) show_query.Rd:28: Lost braces in \itemize; meant \describe ?
checkRd: (-1) show_query.Rd:29: Lost braces in \itemize; meant \describe ?
Flavors: r-devel-linux-x86_64-debian-clang, r-devel-linux-x86_64-debian-gcc, r-devel-linux-x86_64-fedora-clang, r-devel-linux-x86_64-fedora-gcc, r-devel-windows-x86_64, r-patched-linux-x86_64, r-release-linux-x86_64, r-release-macos-arm64, r-release-windows-x86_64
Version: 0.2.3
Check: dependencies in R code
Result: NOTE
Namespaces in Imports field not imported from:
‘kableExtra’ ‘knitr’ ‘leaflet’ ‘mapview’
All declared Imports should be used.
Flavors: r-devel-linux-x86_64-fedora-clang, r-devel-linux-x86_64-fedora-gcc