Last updated on 2024-04-30 21:50:31 CEST.
Flavor | Version | Tinstall | Tcheck | Ttotal | Status | Flags |
---|---|---|---|---|---|---|
r-devel-linux-x86_64-debian-clang | 3.7.1 | 17.13 | 140.68 | 157.81 | NOTE | |
r-devel-linux-x86_64-debian-gcc | 3.7.1 | 12.70 | 103.25 | 115.95 | NOTE | |
r-devel-linux-x86_64-fedora-clang | 3.7.1 | 193.53 | NOTE | |||
r-devel-linux-x86_64-fedora-gcc | 3.7.1 | 184.84 | NOTE | |||
r-devel-windows-x86_64 | 3.7.1 | 19.00 | 121.00 | 140.00 | NOTE | |
r-patched-linux-x86_64 | 3.7.1 | 11.69 | 118.09 | 129.78 | NOTE | |
r-release-linux-x86_64 | 3.7.1 | 10.49 | 135.25 | 145.74 | NOTE | |
r-release-macos-arm64 | 3.7.1 | 82.00 | NOTE | |||
r-release-windows-x86_64 | 3.7.1 | 16.00 | 122.00 | 138.00 | NOTE | |
r-oldrel-macos-arm64 | 3.7.1 | 51.00 | OK | |||
r-oldrel-macos-x86_64 | 3.7.1 | 112.00 | OK | |||
r-oldrel-windows-x86_64 | 3.7.1 | 20.00 | 140.00 | 160.00 | OK |
Version: 3.7.1
Check: Rd files
Result: NOTE
checkRd: (-1) example.database2.Rd:18: Lost braces in \itemize; meant \describe ?
checkRd: (-1) example.database2.Rd:19: Lost braces in \itemize; meant \describe ?
checkRd: (-1) example.database3.Rd:18: Lost braces in \itemize; meant \describe ?
checkRd: (-1) example.database3.Rd:19: Lost braces in \itemize; meant \describe ?
Flavors: r-devel-linux-x86_64-debian-clang, r-devel-linux-x86_64-debian-gcc, r-devel-linux-x86_64-fedora-clang, r-devel-linux-x86_64-fedora-gcc, r-devel-windows-x86_64, r-patched-linux-x86_64, r-release-linux-x86_64, r-release-macos-arm64, r-release-windows-x86_64