Last updated on 2024-05-08 12:06:09 CEST.
Flavor | Version | Tinstall | Tcheck | Ttotal | Status | Flags |
---|---|---|---|---|---|---|
r-devel-linux-x86_64-debian-clang | 0.1.1 | 9.51 | 76.00 | 85.51 | NOTE | |
r-devel-linux-x86_64-debian-gcc | 0.1.1 | 8.00 | 57.72 | 65.72 | NOTE | |
r-devel-linux-x86_64-fedora-clang | 0.1.1 | 106.16 | NOTE | |||
r-devel-linux-x86_64-fedora-gcc | 0.1.1 | 150.93 | NOTE | |||
r-devel-windows-x86_64 | 0.1.1 | 10.00 | 146.00 | 156.00 | NOTE | |
r-patched-linux-x86_64 | 0.1.1 | 10.53 | 72.31 | 82.84 | NOTE | |
r-release-linux-x86_64 | 0.1.1 | 8.75 | 71.27 | 80.02 | NOTE | |
r-release-macos-arm64 | 0.1.1 | 36.00 | NOTE | |||
r-release-windows-x86_64 | 0.1.1 | 11.00 | 74.00 | 85.00 | NOTE | |
r-oldrel-macos-arm64 | 0.1.1 | 35.00 | NOTE | |||
r-oldrel-macos-x86_64 | 0.1.1 | 52.00 | NOTE | |||
r-oldrel-windows-x86_64 | 0.1.1 | 12.00 | 84.00 | 96.00 | NOTE |
Version: 0.1.1
Check: LazyData
Result: NOTE
'LazyData' is specified without a 'data' directory
Flavors: r-devel-linux-x86_64-debian-clang, r-devel-linux-x86_64-debian-gcc, r-devel-linux-x86_64-fedora-clang, r-devel-linux-x86_64-fedora-gcc, r-devel-windows-x86_64, r-patched-linux-x86_64, r-release-linux-x86_64, r-release-macos-arm64, r-release-windows-x86_64, r-oldrel-macos-arm64, r-oldrel-macos-x86_64, r-oldrel-windows-x86_64