Last updated on 2024-05-21 11:53:53 CEST.
Flavor | Version | Tinstall | Tcheck | Ttotal | Status | Flags |
---|---|---|---|---|---|---|
r-devel-linux-x86_64-debian-clang | 0.8.3 | 2.56 | 48.08 | 50.64 | OK | |
r-devel-linux-x86_64-debian-gcc | 0.8.3 | 2.06 | 36.60 | 38.66 | OK | |
r-devel-linux-x86_64-fedora-clang | 0.8.3 | 66.12 | NOTE | |||
r-devel-linux-x86_64-fedora-gcc | 0.8.3 | 59.00 | NOTE | |||
r-devel-windows-x86_64 | 0.8.3 | 3.00 | 185.00 | 188.00 | OK | |
r-patched-linux-x86_64 | 0.8.3 | 2.86 | 45.61 | 48.47 | OK | |
r-release-linux-x86_64 | 0.8.3 | 2.18 | 45.20 | 47.38 | OK | |
r-release-macos-arm64 | 0.8.3 | 30.00 | OK | |||
r-release-windows-x86_64 | 0.8.3 | 4.00 | 71.00 | 75.00 | OK | |
r-oldrel-macos-arm64 | 0.8.3 | 31.00 | OK | |||
r-oldrel-macos-x86_64 | 0.8.3 | 61.00 | OK | |||
r-oldrel-windows-x86_64 | 0.8.3 | 4.00 | 71.00 | 75.00 | OK |
Version: 0.8.3
Check: dependencies in R code
Result: NOTE
Namespace in Imports field not imported from: ‘MASS’
All declared Imports should be used.
Flavors: r-devel-linux-x86_64-fedora-clang, r-devel-linux-x86_64-fedora-gcc