Last updated on 2024-06-03 21:52:36 CEST.
Flavor | Version | Tinstall | Tcheck | Ttotal | Status | Flags |
---|---|---|---|---|---|---|
r-devel-linux-x86_64-debian-clang | 2.15.1 | 14.97 | 162.32 | 177.29 | OK | |
r-devel-linux-x86_64-debian-gcc | 2.15.1 | 13.57 | 117.84 | 131.41 | OK | |
r-devel-linux-x86_64-fedora-clang | 2.15.1 | 217.86 | NOTE | |||
r-devel-linux-x86_64-fedora-gcc | 2.15.1 | 218.68 | OK | |||
r-devel-windows-x86_64 | 2.15.1 | 15.00 | 145.00 | 160.00 | NOTE | |
r-patched-linux-x86_64 | 2.15.1 | 20.96 | 152.31 | 173.27 | OK | |
r-release-linux-x86_64 | 2.15.1 | 16.53 | 154.21 | 170.74 | OK | |
r-release-macos-arm64 | 2.15.1 | 77.00 | NOTE | |||
r-release-macos-x86_64 | 2.15.1 | 181.00 | NOTE | |||
r-release-windows-x86_64 | 2.15.1 | 14.00 | 148.00 | 162.00 | NOTE | |
r-oldrel-macos-arm64 | 2.15.1 | 76.00 | NOTE | |||
r-oldrel-macos-x86_64 | 2.15.1 | 157.00 | NOTE | |||
r-oldrel-windows-x86_64 | 2.15.1 | 18.00 | 185.00 | 203.00 | NOTE |
Version: 2.15.1
Check: installed package size
Result: NOTE
installed size is 7.3Mb
sub-directories of 1Mb or more:
doc 6.5Mb
Flavors: r-devel-linux-x86_64-fedora-clang, r-devel-windows-x86_64, r-release-macos-arm64, r-release-macos-x86_64, r-release-windows-x86_64, r-oldrel-macos-arm64, r-oldrel-macos-x86_64, r-oldrel-windows-x86_64