Last updated on 2024-05-23 12:48:40 CEST.
Flavor | Version | Tinstall | Tcheck | Ttotal | Status | Flags |
---|---|---|---|---|---|---|
r-devel-linux-x86_64-debian-clang | 1.0.0 | 2.71 | 23.23 | 25.94 | NOTE | |
r-devel-linux-x86_64-debian-gcc | 1.0.0 | 1.98 | 17.52 | 19.50 | NOTE | |
r-devel-linux-x86_64-fedora-clang | 1.0.0 | 32.82 | NOTE | |||
r-devel-linux-x86_64-fedora-gcc | 1.0.0 | 30.36 | NOTE | |||
r-devel-windows-x86_64 | 1.0.0 | 3.00 | 38.00 | 41.00 | NOTE | |
r-patched-linux-x86_64 | 1.0.0 | 2.85 | 21.64 | 24.49 | NOTE | |
r-release-linux-x86_64 | 1.0.0 | 2.56 | 22.37 | 24.93 | NOTE | |
r-release-macos-arm64 | 1.0.0 | 14.00 | NOTE | |||
r-release-windows-x86_64 | 1.0.0 | 3.00 | 38.00 | 41.00 | NOTE | |
r-oldrel-macos-arm64 | 1.0.0 | 14.00 | NOTE | |||
r-oldrel-macos-x86_64 | 1.0.0 | 19.00 | NOTE | |||
r-oldrel-windows-x86_64 | 1.0.0 | 5.00 | 37.00 | 42.00 | NOTE |
Version: 1.0.0
Check: LazyData
Result: NOTE
'LazyData' is specified without a 'data' directory
Flavors: r-devel-linux-x86_64-debian-clang, r-devel-linux-x86_64-debian-gcc, r-devel-linux-x86_64-fedora-clang, r-devel-linux-x86_64-fedora-gcc, r-devel-windows-x86_64, r-patched-linux-x86_64, r-release-linux-x86_64, r-release-macos-arm64, r-release-windows-x86_64, r-oldrel-macos-arm64, r-oldrel-macos-x86_64, r-oldrel-windows-x86_64