Last updated on 2024-05-07 06:11:50 CEST.
Flavor | Version | Tinstall | Tcheck | Ttotal | Status | Flags |
---|---|---|---|---|---|---|
r-devel-linux-x86_64-debian-clang | 1.1.5 | 125.87 | 123.79 | 249.66 | NOTE | |
r-devel-linux-x86_64-debian-gcc | 1.1.5 | 100.03 | 88.88 | 188.91 | NOTE | |
r-devel-linux-x86_64-fedora-clang | 1.1.5 | 372.78 | NOTE | |||
r-devel-linux-x86_64-fedora-gcc | 1.1.5 | 426.41 | NOTE | |||
r-devel-windows-x86_64 | 1.1.5 | 106.00 | 145.00 | 251.00 | NOTE | |
r-patched-linux-x86_64 | 1.1.5 | 127.61 | 113.31 | 240.92 | NOTE | |
r-release-linux-x86_64 | 1.1.5 | 127.50 | 115.94 | 243.44 | NOTE | |
r-release-macos-arm64 | 1.1.5 | 86.00 | NOTE | |||
r-release-windows-x86_64 | 1.1.5 | 108.00 | 143.00 | 251.00 | NOTE | |
r-oldrel-macos-arm64 | 1.1.5 | 89.00 | NOTE | |||
r-oldrel-macos-x86_64 | 1.1.5 | 166.00 | NOTE | |||
r-oldrel-windows-x86_64 | 1.1.5 | 111.00 | 160.00 | 271.00 | NOTE |
Version: 1.1.5
Check: C++ specification
Result: NOTE
Specified C++14: please drop specification unless essential
Flavors: r-devel-linux-x86_64-debian-clang, r-devel-linux-x86_64-debian-gcc, r-devel-linux-x86_64-fedora-clang, r-devel-linux-x86_64-fedora-gcc, r-devel-windows-x86_64, r-patched-linux-x86_64, r-release-linux-x86_64, r-release-macos-arm64, r-release-windows-x86_64, r-oldrel-macos-arm64, r-oldrel-macos-x86_64, r-oldrel-windows-x86_64
Version: 1.1.5
Check: package dependencies
Result: NOTE
Package suggested but not available for checking: 'unix'
Flavors: r-devel-windows-x86_64, r-release-windows-x86_64, r-oldrel-windows-x86_64
Version: 1.1.5
Check: installed package size
Result: NOTE
installed size is 10.2Mb
sub-directories of 1Mb or more:
libs 8.3Mb
yacas 1.3Mb
Flavors: r-release-macos-arm64, r-oldrel-macos-arm64, r-oldrel-macos-x86_64