CRAN Package Check Results for Package Rmpfr

Last updated on 2017-06-24 12:47:35.

Flavor Version Tinstall Tcheck Ttotal Status Flags
r-devel-linux-x86_64-debian-clang 0.6-1 6.62 93.87 100.49 OK
r-devel-linux-x86_64-debian-gcc 0.6-1 5.58 90.77 96.35 OK
r-devel-linux-x86_64-fedora-clang 0.6-1 184.87 OK
r-devel-linux-x86_64-fedora-gcc 0.6-1 181.83 OK
r-devel-windows-ix86+x86_64 0.6-1 18.00 314.00 332.00 OK
r-patched-linux-x86_64 0.6-1 9.82 91.38 101.21 OK
r-patched-solaris-sparc 0.6-1 1280.30 OK
r-patched-solaris-x86 0.6-1 211.70 OK
r-release-linux-x86_64 0.6-1 5.62 92.65 98.27 OK
r-release-windows-ix86+x86_64 0.6-1 31.00 320.00 351.00 OK
r-release-osx-x86_64 0.6-1 ERROR
r-oldrel-windows-ix86+x86_64 0.6-1 35.00 293.00 328.00 OK
r-oldrel-osx-x86_64 0.6-1 OK

Additional issues

rchk valgrind

Check Details

Version: 0.6-1
Check: package namespace information
Result: ERROR
    Invalid NAMESPACE file, parsing gives:
    Error in packageVersion("gmp"): package ‘gmp’ not found
    
    See section ‘Package namespaces’ in the ‘Writing R Extensions’ manual.
Flavor: r-release-osx-x86_64