CRAN Package Check Results for Package Rmpfr

Last updated on 2017-08-22 06:47:11.

Flavor Version Tinstall Tcheck Ttotal Status Flags
r-devel-linux-x86_64-debian-clang 0.6-1 6.77 94.62 101.39 OK
r-devel-linux-x86_64-debian-gcc 0.6-1 5.92 89.95 95.87 OK
r-devel-linux-x86_64-fedora-clang 0.6-1 181.19 OK
r-devel-linux-x86_64-fedora-gcc 0.6-1 189.99 OK
r-devel-windows-ix86+x86_64 0.6-1 24.00 246.00 270.00 OK
r-patched-linux-x86_64 0.6-1 5.78 89.64 95.43 OK
r-patched-solaris-x86 0.6-1 216.10 OK
r-release-linux-x86_64 0.6-1 5.84 92.67 98.51 OK
r-release-windows-ix86+x86_64 0.6-1 15.00 308.00 323.00 OK
r-release-osx-x86_64 0.6-1 NOTE
r-oldrel-windows-ix86+x86_64 0.6-1 15.00 224.00 239.00 OK
r-oldrel-osx-x86_64 0.6-1 OK

Additional issues

rchk valgrind

Check Details

Version: 0.6-1
Check: re-building of vignette outputs
Result: NOTE
    Error in re-building vignettes:
     ...
    
    The following objects are masked from ‘package:stats’:
    
     dbinom, dnorm, dpois, pnorm
    
    The following objects are masked from ‘package:base’:
    
     cbind, pmax, pmin, rbind
    
    Error in texi2dvi(file = file, pdf = TRUE, clean = clean, quiet = quiet, :
     Running 'texi2dvi' on 'Maechler_useR_2011-abstr.tex' failed.
    LaTeX errors:
    ! LaTeX Error: File `hanging.sty' not found.
    
    Type X to quit or <RETURN> to proceed,
    or enter new name. (Default extension: sty)
    
    ! Emergency stop.
    <read *>
    
    l.3 \usepackage
     [pdftex]{graphicx}^^M
    ! ==> Fatal error occurred, no output PDF file produced!
    Calls: buildVignettes -> texi2pdf -> texi2dvi
    Execution halted
Flavor: r-release-osx-x86_64