Last updated on 2024-04-30 21:50:23 CEST.
Flavor | Version | Tinstall | Tcheck | Ttotal | Status | Flags |
---|---|---|---|---|---|---|
r-devel-linux-x86_64-debian-clang | 0.24.6 | 4.49 | 36.04 | 40.53 | NOTE | |
r-devel-linux-x86_64-debian-gcc | 0.24.6 | 3.77 | 27.48 | 31.25 | NOTE | |
r-devel-linux-x86_64-fedora-clang | 0.24.6 | 52.57 | NOTE | |||
r-devel-linux-x86_64-fedora-gcc | 0.24.6 | 50.31 | NOTE | |||
r-devel-windows-x86_64 | 0.24.6 | 8.00 | 55.00 | 63.00 | NOTE | |
r-patched-linux-x86_64 | 0.24.6 | 5.09 | 34.54 | 39.63 | NOTE | |
r-release-linux-x86_64 | 0.24.6 | 5.11 | 35.17 | 40.28 | NOTE | |
r-release-macos-arm64 | 0.24.6 | 19.00 | NOTE | |||
r-release-windows-x86_64 | 0.24.6 | 7.00 | 55.00 | 62.00 | NOTE | |
r-oldrel-macos-arm64 | 0.24.6 | 23.00 | OK | |||
r-oldrel-macos-x86_64 | 0.24.6 | 42.00 | OK | |||
r-oldrel-windows-x86_64 | 0.24.6 | 8.00 | 60.00 | 68.00 | OK |
Version: 0.24.6
Check: Rd files
Result: NOTE
checkRd: (-1) disp.Rd:20: Lost braces; missing escapes or markup?
20 | sum_{i=1}^n a(R(e_i)) * e_i where
| ^
Flavors: r-devel-linux-x86_64-debian-clang, r-devel-linux-x86_64-debian-gcc, r-devel-linux-x86_64-fedora-clang, r-devel-linux-x86_64-fedora-gcc, r-devel-windows-x86_64, r-patched-linux-x86_64, r-release-linux-x86_64, r-release-macos-arm64, r-release-windows-x86_64