Last updated on 2024-05-23 12:48:36 CEST.
Flavor | Version | Tinstall | Tcheck | Ttotal | Status | Flags |
---|---|---|---|---|---|---|
r-devel-linux-x86_64-debian-clang | 0.0.2 | 72.15 | 28.95 | 101.10 | OK | |
r-devel-linux-x86_64-debian-gcc | 0.0.2 | 45.61 | 23.85 | 69.46 | OK | |
r-devel-linux-x86_64-fedora-clang | 0.0.2 | 131.10 | OK | |||
r-devel-linux-x86_64-fedora-gcc | 0.0.2 | 140.20 | OK | |||
r-devel-windows-x86_64 | 0.0.2 | 51.00 | 68.00 | 119.00 | OK | |
r-patched-linux-x86_64 | 0.0.2 | 59.57 | 30.25 | 89.82 | OK | |
r-release-linux-x86_64 | 0.0.2 | 70.74 | 29.65 | 100.39 | OK | |
r-release-macos-arm64 | 0.0.2 | 29.00 | NOTE | |||
r-release-windows-x86_64 | 0.0.2 | 52.00 | 73.00 | 125.00 | OK | |
r-oldrel-macos-arm64 | 0.0.2 | 37.00 | NOTE | |||
r-oldrel-macos-x86_64 | 0.0.2 | 56.00 | NOTE | |||
r-oldrel-windows-x86_64 | 0.0.2 | 62.00 | 114.00 | 176.00 | OK |
Version: 0.0.2
Check: installed package size
Result: NOTE
installed size is 8.4Mb
sub-directories of 1Mb or more:
libs 8.0Mb
Flavors: r-release-macos-arm64, r-oldrel-macos-arm64, r-oldrel-macos-x86_64