Last updated on 2024-05-23 12:48:36 CEST.
Flavor | Version | Tinstall | Tcheck | Ttotal | Status | Flags |
---|---|---|---|---|---|---|
r-devel-linux-x86_64-debian-clang | 0.2.2 | 3.26 | 38.86 | 42.12 | NOTE | |
r-devel-linux-x86_64-debian-gcc | 0.2.2 | 2.20 | 30.05 | 32.25 | NOTE | |
r-devel-linux-x86_64-fedora-clang | 0.2.2 | 54.19 | NOTE | |||
r-devel-linux-x86_64-fedora-gcc | 0.2.2 | 64.45 | NOTE | |||
r-devel-windows-x86_64 | 0.2.2 | 3.00 | 71.00 | 74.00 | NOTE | |
r-patched-linux-x86_64 | 0.2.2 | 3.32 | 38.25 | 41.57 | NOTE | |
r-release-linux-x86_64 | 0.2.2 | 2.98 | 37.34 | 40.32 | NOTE | |
r-release-macos-arm64 | 0.2.2 | 27.00 | NOTE | |||
r-release-windows-x86_64 | 0.2.2 | 3.00 | 71.00 | 74.00 | NOTE | |
r-oldrel-macos-arm64 | 0.2.2 | 31.00 | NOTE | |||
r-oldrel-macos-x86_64 | 0.2.2 | 38.00 | NOTE | |||
r-oldrel-windows-x86_64 | 0.2.2 | 3.00 | 66.00 | 69.00 | NOTE |
Version: 0.2.2
Check: Rd files
Result: NOTE
checkRd: (-1) S1.Rd:10: Lost braces; missing escapes or markup?
10 | \item{m_bar}{the sample vector of moments for a specified vector $(h_{a,r},y)$}
| ^
checkRd: (-1) S1.Rd:16: Lost braces; missing escapes or markup?
16 | \item{N_k}{index of the $ h_{a,r}$ function considered}
| ^
Flavors: r-devel-linux-x86_64-debian-clang, r-devel-linux-x86_64-debian-gcc, r-devel-linux-x86_64-fedora-clang, r-devel-linux-x86_64-fedora-gcc, r-devel-windows-x86_64, r-patched-linux-x86_64, r-release-linux-x86_64, r-release-macos-arm64, r-release-windows-x86_64
Version: 0.2.2
Check: LazyData
Result: NOTE
'LazyData' is specified without a 'data' directory
Flavors: r-devel-linux-x86_64-debian-clang, r-devel-linux-x86_64-debian-gcc, r-devel-linux-x86_64-fedora-clang, r-devel-linux-x86_64-fedora-gcc, r-devel-windows-x86_64, r-patched-linux-x86_64, r-release-linux-x86_64, r-release-macos-arm64, r-release-windows-x86_64, r-oldrel-macos-arm64, r-oldrel-macos-x86_64, r-oldrel-windows-x86_64