Last updated on 2024-04-30 21:50:23 CEST.
Flavor | Version | Tinstall | Tcheck | Ttotal | Status | Flags |
---|---|---|---|---|---|---|
r-devel-linux-x86_64-debian-clang | 2.4.9 | 42.11 | 296.22 | 338.33 | NOTE | |
r-devel-linux-x86_64-debian-gcc | 2.4.9 | 30.20 | 220.06 | 250.26 | NOTE | |
r-devel-linux-x86_64-fedora-clang | 2.4.9 | 414.66 | NOTE | |||
r-devel-linux-x86_64-fedora-gcc | 2.4.9 | 417.69 | NOTE | |||
r-devel-windows-x86_64 | 2.4.9 | 32.00 | 270.00 | 302.00 | NOTE | |
r-patched-linux-x86_64 | 2.4.9 | 38.18 | 283.23 | 321.41 | NOTE | |
r-release-linux-x86_64 | 2.4.9 | 33.63 | 289.72 | 323.35 | NOTE | |
r-release-macos-arm64 | 2.4.9 | 108.00 | NOTE | |||
r-release-windows-x86_64 | 2.4.9 | 34.00 | 282.00 | 316.00 | NOTE | |
r-oldrel-macos-arm64 | 2.4.9 | 112.00 | OK | |||
r-oldrel-macos-x86_64 | 2.4.9 | 189.00 | OK | |||
r-oldrel-windows-x86_64 | 2.4.9 | 41.00 | 346.00 | 387.00 | OK |
Version: 2.4.9
Check: Rd files
Result: NOTE
checkRd: (-1) REndo.Rd:19: Lost braces in \itemize; meant \describe ?
checkRd: (-1) REndo.Rd:20: Lost braces in \itemize; meant \describe ?
checkRd: (-1) REndo.Rd:21: Lost braces in \itemize; meant \describe ?
checkRd: (-1) REndo.Rd:22: Lost braces in \itemize; meant \describe ?
checkRd: (-1) REndo.Rd:23: Lost braces in \itemize; meant \describe ?
Flavors: r-devel-linux-x86_64-debian-clang, r-devel-linux-x86_64-debian-gcc, r-devel-linux-x86_64-fedora-clang, r-devel-linux-x86_64-fedora-gcc, r-devel-windows-x86_64, r-patched-linux-x86_64, r-release-linux-x86_64, r-release-macos-arm64, r-release-windows-x86_64