Last updated on 2024-04-23 21:54:55 CEST.
Flavor | Version | Tinstall | Tcheck | Ttotal | Status | Flags |
---|---|---|---|---|---|---|
r-devel-linux-x86_64-debian-clang | 1.98-1.14 | 21.55 | 55.55 | 77.10 | NOTE | |
r-devel-linux-x86_64-debian-gcc | 1.98-1.14 | 16.30 | 40.98 | 57.28 | NOTE | |
r-devel-linux-x86_64-fedora-clang | 1.98-1.14 | 97.46 | NOTE | |||
r-devel-linux-x86_64-fedora-gcc | 1.98-1.14 | 97.02 | NOTE | |||
r-prerel-macos-arm64 | 1.98-1.14 | 160.00 | NOTE | |||
r-prerel-windows-x86_64 | 1.98-1.14 | 24.00 | 5.00 | 29.00 | ERROR | |
r-patched-linux-x86_64 | 1.98-1.14 | 23.23 | 51.98 | 75.21 | NOTE | |
r-release-linux-x86_64 | 1.98-1.14 | 19.58 | 52.08 | 71.66 | NOTE | |
r-release-macos-arm64 | 1.98-1.14 | 161.00 | NOTE | |||
r-release-macos-x86_64 | 1.98-1.14 | 218.00 | NOTE | |||
r-release-windows-x86_64 | 1.98-1.14 | 41.00 | 201.00 | 242.00 | NOTE | |
r-oldrel-macos-arm64 | 1.98-1.14 | 170.00 | NOTE | |||
r-oldrel-windows-x86_64 | 1.98-1.14 | 37.00 | 155.00 | 192.00 | NOTE |
Version: 1.98-1.14
Check: for GNU extensions in Makefiles
Result: NOTE
GNU make is a SystemRequirements.
Flavors: r-devel-linux-x86_64-debian-clang, r-devel-linux-x86_64-debian-gcc, r-devel-linux-x86_64-fedora-clang, r-devel-linux-x86_64-fedora-gcc, r-prerel-macos-arm64, r-patched-linux-x86_64, r-release-linux-x86_64, r-release-macos-arm64, r-release-macos-x86_64, r-release-windows-x86_64, r-oldrel-macos-arm64, r-oldrel-windows-x86_64
Version: 1.98-1.14
Check: whether package can be installed
Result: ERROR
Installation failed.
Flavor: r-prerel-windows-x86_64
Version: 1.98-1.14
Check: installed package size
Result: NOTE
installed size is 10.3Mb
sub-directories of 1Mb or more:
libs 8.3Mb
Flavors: r-release-windows-x86_64, r-oldrel-windows-x86_64