Last updated on 2024-04-30 21:50:22 CEST.
Flavor | Version | Tinstall | Tcheck | Ttotal | Status | Flags |
---|---|---|---|---|---|---|
r-devel-linux-x86_64-debian-clang | 3.7.0 | 4.69 | 66.77 | 71.46 | NOTE | |
r-devel-linux-x86_64-debian-gcc | 3.7.0 | 5.02 | 48.48 | 53.50 | NOTE | |
r-devel-linux-x86_64-fedora-clang | 3.7.0 | 89.85 | NOTE | |||
r-devel-linux-x86_64-fedora-gcc | 3.7.0 | 83.67 | NOTE | |||
r-devel-windows-x86_64 | 3.7.0 | 6.00 | 1228.00 | 1234.00 | NOTE | |
r-patched-linux-x86_64 | 3.7.0 | 6.39 | 61.87 | 68.26 | NOTE | |
r-release-linux-x86_64 | 3.7.0 | 4.64 | 62.48 | 67.12 | NOTE | |
r-release-macos-arm64 | 3.7.0 | 30.00 | NOTE | |||
r-release-windows-x86_64 | 3.7.0 | 5.00 | 1232.00 | 1237.00 | NOTE | |
r-oldrel-macos-arm64 | 3.7.0 | 30.00 | OK | |||
r-oldrel-macos-x86_64 | 3.7.0 | 51.00 | OK | |||
r-oldrel-windows-x86_64 | 3.7.0 | 6.00 | 787.00 | 793.00 | OK |
Version: 3.7.0
Check: Rd files
Result: NOTE
checkRd: (-1) setOption.Matlab.Rd:37-39: Lost braces in \itemize; meant \describe ?
checkRd: (-1) setOption.Matlab.Rd:40-41: Lost braces in \itemize; meant \describe ?
Flavors: r-devel-linux-x86_64-debian-clang, r-devel-linux-x86_64-debian-gcc, r-devel-linux-x86_64-fedora-clang, r-devel-linux-x86_64-fedora-gcc, r-devel-windows-x86_64, r-patched-linux-x86_64, r-release-linux-x86_64, r-release-macos-arm64, r-release-windows-x86_64