Last updated on 2024-04-30 21:50:22 CEST.
Flavor | Version | Tinstall | Tcheck | Ttotal | Status | Flags |
---|---|---|---|---|---|---|
r-devel-linux-x86_64-debian-clang | 0.16.0 | 3.80 | 44.47 | 48.27 | NOTE | |
r-devel-linux-x86_64-debian-gcc | 0.16.0 | 2.55 | 34.03 | 36.58 | NOTE | |
r-devel-linux-x86_64-fedora-clang | 0.16.0 | 61.14 | NOTE | |||
r-devel-linux-x86_64-fedora-gcc | 0.16.0 | 57.81 | NOTE | |||
r-devel-windows-x86_64 | 0.16.0 | 4.00 | 184.00 | 188.00 | NOTE | |
r-patched-linux-x86_64 | 0.16.0 | 3.22 | 42.15 | 45.37 | NOTE | |
r-release-linux-x86_64 | 0.16.0 | 2.76 | 43.30 | 46.06 | NOTE | |
r-release-macos-arm64 | 0.16.0 | 38.00 | NOTE | |||
r-release-windows-x86_64 | 0.16.0 | 4.00 | 323.00 | 327.00 | NOTE | |
r-oldrel-macos-arm64 | 0.16.0 | 40.00 | OK | |||
r-oldrel-macos-x86_64 | 0.16.0 | 47.00 | OK | |||
r-oldrel-windows-x86_64 | 0.16.0 | 4.00 | 226.00 | 230.00 | OK |
Version: 0.16.0
Check: Rd files
Result: NOTE
checkRd: (-1) R.cache-package.Rd:28-30: Lost braces in \itemize; meant \describe ?
checkRd: (-1) R.cache-package.Rd:31-34: Lost braces in \itemize; meant \describe ?
Flavors: r-devel-linux-x86_64-debian-clang, r-devel-linux-x86_64-debian-gcc, r-devel-linux-x86_64-fedora-clang, r-devel-linux-x86_64-fedora-gcc, r-devel-windows-x86_64, r-patched-linux-x86_64, r-release-linux-x86_64, r-release-macos-arm64, r-release-windows-x86_64