Last updated on 2024-06-15 19:55:07 CEST.
Flavor | Version | Tinstall | Tcheck | Ttotal | Status | Flags |
---|---|---|---|---|---|---|
r-devel-linux-x86_64-debian-clang | 1.4.3 | 14.81 | 158.25 | 173.06 | OK | |
r-devel-linux-x86_64-debian-gcc | 1.4.3 | 10.75 | 119.78 | 130.53 | OK | |
r-devel-linux-x86_64-fedora-clang | 1.4.3 | 231.12 | OK | |||
r-devel-linux-x86_64-fedora-gcc | 1.4.3 | 235.92 | OK | |||
r-devel-windows-x86_64 | 1.4.3 | 13.00 | 178.00 | 191.00 | OK | |
r-patched-linux-x86_64 | 1.4.3 | 16.18 | 156.54 | 172.72 | OK | |
r-release-linux-x86_64 | 1.4.3 | 13.80 | 154.79 | 168.59 | OK | |
r-release-macos-arm64 | 1.4.3 | 73.00 | NOTE | |||
r-release-macos-x86_64 | 1.4.3 | 104.00 | NOTE | |||
r-release-windows-x86_64 | 1.4.3 | 13.00 | 173.00 | 186.00 | OK | |
r-oldrel-macos-arm64 | 1.4.3 | 82.00 | OK | |||
r-oldrel-macos-x86_64 | 1.4.3 | 146.00 | NOTE | |||
r-oldrel-windows-x86_64 | 1.4.3 | 19.00 | 191.00 | 210.00 | OK |
Version: 1.4.3
Check: installed package size
Result: NOTE
installed size is 5.6Mb
sub-directories of 1Mb or more:
data 4.1Mb
doc 1.1Mb
Flavors: r-release-macos-arm64, r-release-macos-x86_64, r-oldrel-macos-x86_64