CRAN Package Check Results for Package PearsonICA

Last updated on 2015-08-04 11:49:15.

Flavor Version Tinstall Tcheck Ttotal Status Flags
r-devel-linux-x86_64-debian-clang 1.2-4 0.47 9.06 9.53 NOTE
r-devel-linux-x86_64-debian-gcc 1.2-4 0.50 9.72 10.21 NOTE
r-devel-linux-x86_64-fedora-clang 1.2-4 18.17 NOTE
r-devel-linux-x86_64-fedora-gcc 1.2-4 17.18 NOTE
r-devel-osx-x86_64-clang 1.2-4 19.19 OK
r-devel-windows-ix86+x86_64 1.2-4 3.00 17.00 20.00 NOTE
r-patched-linux-x86_64 1.2-4 0.53 9.17 9.70 NOTE
r-patched-solaris-sparc 1.2-4 126.20 OK
r-patched-solaris-x86 1.2-4 29.80 OK
r-release-linux-x86_64 1.2-4 0.50 9.73 10.22 NOTE
r-release-osx-x86_64-mavericks 1.2-4 OK
r-release-windows-ix86+x86_64 1.2-4 2.00 17.00 19.00 OK
r-oldrel-windows-ix86+x86_64 1.2-4 4.00 19.00 23.00 OK

Check Details

Version: 1.2-4
Check: R code for possible problems
Result: NOTE
    PearsonICA: no visible global function definition for ‘rnorm’
    PearsonICAdemo: no visible global function definition for ‘rnorm’
    PearsonICAdemo: no visible global function definition for ‘dev.new’
    PearsonICAdemo: no visible global function definition for ‘par’
    PearsonICAdemo: no visible global function definition for ‘plot’
    PearsonICAdemo: no visible global function definition for ‘axis’
    PearsonICAdemo: no visible global function definition for ‘title’
    PearsonICAdemo: no visible global function definition for ‘lines’
    Undefined global functions or variables:
     axis dev.new lines par plot rnorm title
    Consider adding
     importFrom("grDevices", "dev.new")
     importFrom("graphics", "axis", "lines", "par", "plot", "title")
     importFrom("stats", "rnorm")
    to your NAMESPACE.
Flavors: r-devel-linux-x86_64-debian-clang, r-devel-linux-x86_64-debian-gcc, r-devel-linux-x86_64-fedora-clang, r-devel-linux-x86_64-fedora-gcc, r-devel-windows-ix86+x86_64

Version: 1.2-4
Check: Rd line widths
Result: NOTE
    Rd file 'PearsonICA.Rd':
     \usage lines wider than 90 characters:
     PearsonICA(X, n.comp = 0, row.norm = FALSE, maxit = 200, tol = 1e-04, border.base = c(2.6, 4), border.slope = c(0, 1), verbose = FALSE, ... [TRUNCATED]
    
    These lines will be truncated in the PDF manual.
Flavors: r-devel-linux-x86_64-debian-clang, r-devel-linux-x86_64-debian-gcc, r-devel-linux-x86_64-fedora-clang, r-devel-linux-x86_64-fedora-gcc, r-patched-linux-x86_64, r-release-linux-x86_64