CRAN Package Check Results for Package PearsonICA

Last updated on 2015-07-03 21:46:41.

Flavor Version Tinstall Tcheck Ttotal Status Flags
r-devel-linux-x86_64-debian-clang 1.2-4 0.48 9.93 10.40 NOTE
r-devel-linux-x86_64-debian-gcc 1.2-4 0.52 9.19 9.71 NOTE
r-devel-linux-x86_64-fedora-clang 1.2-4 17.81 NOTE
r-devel-linux-x86_64-fedora-gcc 1.2-4 16.28 NOTE
r-devel-osx-x86_64-clang 1.2-4 21.27 OK
r-devel-windows-ix86+x86_64 1.2-4 3.00 15.00 18.00 OK
r-patched-linux-x86_64 1.2-4 0.48 9.53 10.00 NOTE
r-patched-solaris-sparc 1.2-4 124.30 OK
r-patched-solaris-x86 1.2-4 28.50 OK
r-release-linux-x86_64 1.2-4 0.49 9.60 10.10 NOTE
r-release-osx-x86_64-mavericks 1.2-4 OK
r-release-windows-ix86+x86_64 1.2-4 2.00 17.00 19.00 OK
r-oldrel-windows-ix86+x86_64 1.2-4 4.00 19.00 23.00 OK

Check Details

Version: 1.2-4
Check: R code for possible problems
Result: NOTE
    PearsonICA: no visible global function definition for ‘rnorm’
    PearsonICAdemo: no visible global function definition for ‘rnorm’
    PearsonICAdemo: no visible global function definition for ‘dev.new’
    PearsonICAdemo: no visible global function definition for ‘par’
    PearsonICAdemo: no visible global function definition for ‘plot’
    PearsonICAdemo: no visible global function definition for ‘axis’
    PearsonICAdemo: no visible global function definition for ‘title’
    PearsonICAdemo: no visible global function definition for ‘lines’
    Undefined global functions or variables:
     axis dev.new lines par plot rnorm title
Flavors: r-devel-linux-x86_64-debian-clang, r-devel-linux-x86_64-debian-gcc, r-devel-linux-x86_64-fedora-clang, r-devel-linux-x86_64-fedora-gcc

Version: 1.2-4
Check: Rd line widths
Result: NOTE
    Rd file 'PearsonICA.Rd':
     \usage lines wider than 90 characters:
     PearsonICA(X, n.comp = 0, row.norm = FALSE, maxit = 200, tol = 1e-04, border.base = c(2.6, 4), border.slope = c(0, 1), verbose = FALSE, ... [TRUNCATED]
    
    These lines will be truncated in the PDF manual.
Flavors: r-devel-linux-x86_64-debian-clang, r-devel-linux-x86_64-debian-gcc, r-devel-linux-x86_64-fedora-clang, r-devel-linux-x86_64-fedora-gcc, r-patched-linux-x86_64, r-release-linux-x86_64