CRAN Package Check Results for Package PearsonICA

Last updated on 2017-12-13 12:47:56 CET.

Flavor Version Tinstall Tcheck Ttotal Status Flags
r-devel-linux-x86_64-debian-clang 1.2-4 0.56 16.41 16.97 NOTE
r-devel-linux-x86_64-debian-gcc 1.2-4 0.58 13.52 14.10 NOTE
r-devel-linux-x86_64-fedora-clang 1.2-4 19.69 NOTE
r-devel-linux-x86_64-fedora-gcc 1.2-4 20.99 NOTE
r-devel-windows-ix86+x86_64 1.2-4 4.00 40.00 44.00 NOTE
r-patched-linux-x86_64 1.2-4 0.66 16.66 17.32 NOTE
r-patched-solaris-x86 1.2-4 28.80 NOTE
r-release-linux-x86_64 1.2-4 0.75 16.72 17.47 NOTE
r-release-windows-ix86+x86_64 1.2-4 2.00 29.00 31.00 NOTE
r-release-osx-x86_64 1.2-4 NOTE
r-oldrel-windows-ix86+x86_64 1.2-4 2.00 25.00 27.00 NOTE
r-oldrel-osx-x86_64 1.2-4 NOTE

Check Details

Version: 1.2-4
Check: R code for possible problems
Result: NOTE
    PearsonICA: no visible global function definition for ‘rnorm’
    PearsonICAdemo: no visible global function definition for ‘rnorm’
    PearsonICAdemo: no visible global function definition for ‘dev.new’
    PearsonICAdemo: no visible global function definition for ‘par’
    PearsonICAdemo: no visible global function definition for ‘plot’
    PearsonICAdemo: no visible global function definition for ‘axis’
    PearsonICAdemo: no visible global function definition for ‘title’
    PearsonICAdemo: no visible global function definition for ‘lines’
    Undefined global functions or variables:
     axis dev.new lines par plot rnorm title
    Consider adding
     importFrom("grDevices", "dev.new")
     importFrom("graphics", "axis", "lines", "par", "plot", "title")
     importFrom("stats", "rnorm")
    to your NAMESPACE file.
Flavors: r-devel-linux-x86_64-debian-clang, r-devel-linux-x86_64-debian-gcc, r-devel-linux-x86_64-fedora-clang, r-devel-linux-x86_64-fedora-gcc, r-devel-windows-ix86+x86_64, r-patched-linux-x86_64, r-patched-solaris-x86, r-release-linux-x86_64, r-release-windows-ix86+x86_64, r-release-osx-x86_64, r-oldrel-windows-ix86+x86_64, r-oldrel-osx-x86_64

Version: 1.2-4
Check: Rd line widths
Result: NOTE
    Rd file 'PearsonICA.Rd':
     \usage lines wider than 90 characters:
     PearsonICA(X, n.comp = 0, row.norm = FALSE, maxit = 200, tol = 1e-04, border.base = c(2.6, 4), border.slope = c(0, 1), verbose = FALSE, ... [TRUNCATED]
    
    These lines will be truncated in the PDF manual.
Flavors: r-devel-linux-x86_64-debian-clang, r-devel-linux-x86_64-debian-gcc, r-devel-linux-x86_64-fedora-clang, r-devel-linux-x86_64-fedora-gcc, r-patched-linux-x86_64, r-release-linux-x86_64