CRAN Package Check Results for Package PearsonICA

Last updated on 2016-12-09 20:50:36.

Flavor Version Tinstall Tcheck Ttotal Status Flags
r-devel-linux-x86_64-debian-clang 1.2-4 0.61 11.84 12.45 NOTE
r-devel-linux-x86_64-debian-gcc 1.2-4 0.57 14.71 15.28 NOTE
r-devel-linux-x86_64-fedora-clang 1.2-4 20.69 NOTE --no-stop-on-test-error
r-devel-linux-x86_64-fedora-gcc 1.2-4 19.73 NOTE --no-stop-on-test-error
r-devel-macos-x86_64-clang 1.2-4 18.90 NOTE --no-stop-on-test-error
r-devel-windows-ix86+x86_64 1.2-4 8.00 37.00 45.00 NOTE
r-patched-linux-x86_64 1.2-4 0.55 12.37 12.92 NOTE
r-patched-solaris-sparc 1.2-4 94.70 NOTE
r-patched-solaris-x86 1.2-4 21.70 NOTE
r-release-linux-x86_64 1.2-4 0.51 11.85 12.35 NOTE
r-release-osx-x86_64-mavericks 1.2-4 NOTE
r-release-windows-ix86+x86_64 1.2-4 2.00 25.00 27.00 NOTE
r-oldrel-windows-ix86+x86_64 1.2-4 2.00 24.00 26.00 OK

Check Details

Version: 1.2-4
Check: R code for possible problems
Result: NOTE
    PearsonICA: no visible global function definition for ‘rnorm’
    PearsonICAdemo: no visible global function definition for ‘rnorm’
    PearsonICAdemo: no visible global function definition for ‘dev.new’
    PearsonICAdemo: no visible global function definition for ‘par’
    PearsonICAdemo: no visible global function definition for ‘plot’
    PearsonICAdemo: no visible global function definition for ‘axis’
    PearsonICAdemo: no visible global function definition for ‘title’
    PearsonICAdemo: no visible global function definition for ‘lines’
    Undefined global functions or variables:
     axis dev.new lines par plot rnorm title
    Consider adding
     importFrom("grDevices", "dev.new")
     importFrom("graphics", "axis", "lines", "par", "plot", "title")
     importFrom("stats", "rnorm")
    to your NAMESPACE file.
Flavors: r-devel-linux-x86_64-debian-clang, r-devel-linux-x86_64-debian-gcc, r-devel-windows-ix86+x86_64, r-patched-linux-x86_64, r-patched-solaris-sparc, r-patched-solaris-x86, r-release-linux-x86_64, r-release-osx-x86_64-mavericks, r-release-windows-ix86+x86_64

Version: 1.2-4
Check: Rd line widths
Result: NOTE
    Rd file 'PearsonICA.Rd':
     \usage lines wider than 90 characters:
     PearsonICA(X, n.comp = 0, row.norm = FALSE, maxit = 200, tol = 1e-04, border.base = c(2.6, 4), border.slope = c(0, 1), verbose = FALSE, ... [TRUNCATED]
    
    These lines will be truncated in the PDF manual.
Flavors: r-devel-linux-x86_64-debian-clang, r-devel-linux-x86_64-debian-gcc, r-patched-linux-x86_64, r-release-linux-x86_64

Version: 1.2-4
Flags: --no-stop-on-test-error
Check: R code for possible problems
Result: NOTE
    PearsonICA: no visible global function definition for ‘rnorm’
    PearsonICAdemo: no visible global function definition for ‘rnorm’
    PearsonICAdemo: no visible global function definition for ‘dev.new’
    PearsonICAdemo: no visible global function definition for ‘par’
    PearsonICAdemo: no visible global function definition for ‘plot’
    PearsonICAdemo: no visible global function definition for ‘axis’
    PearsonICAdemo: no visible global function definition for ‘title’
    PearsonICAdemo: no visible global function definition for ‘lines’
    Undefined global functions or variables:
     axis dev.new lines par plot rnorm title
    Consider adding
     importFrom("grDevices", "dev.new")
     importFrom("graphics", "axis", "lines", "par", "plot", "title")
     importFrom("stats", "rnorm")
    to your NAMESPACE file.
Flavors: r-devel-linux-x86_64-fedora-clang, r-devel-linux-x86_64-fedora-gcc, r-devel-macos-x86_64-clang

Version: 1.2-4
Flags: --no-stop-on-test-error
Check: Rd line widths
Result: NOTE
    Rd file 'PearsonICA.Rd':
     \usage lines wider than 90 characters:
     PearsonICA(X, n.comp = 0, row.norm = FALSE, maxit = 200, tol = 1e-04, border.base = c(2.6, 4), border.slope = c(0, 1), verbose = FALSE, ... [TRUNCATED]
    
    These lines will be truncated in the PDF manual.
Flavors: r-devel-linux-x86_64-fedora-clang, r-devel-linux-x86_64-fedora-gcc