Last updated on 2024-05-11 12:48:09 CEST.
Flavor | Version | Tinstall | Tcheck | Ttotal | Status | Flags |
---|---|---|---|---|---|---|
r-devel-linux-x86_64-debian-clang | 0.1.9 | 149.66 | 443.14 | 592.80 | NOTE | |
r-devel-linux-x86_64-debian-gcc | 0.1.9 | 140.01 | 301.78 | 441.79 | NOTE | |
r-devel-linux-x86_64-fedora-clang | 0.1.9 | 703.71 | NOTE | |||
r-devel-linux-x86_64-fedora-gcc | 0.1.9 | 947.84 | NOTE | |||
r-devel-windows-x86_64 | 0.1.9 | 120.00 | 294.00 | 414.00 | NOTE | |
r-patched-linux-x86_64 | 0.1.9 | 175.26 | 404.64 | 579.90 | NOTE | |
r-release-linux-x86_64 | 0.1.9 | 173.45 | 401.49 | 574.94 | NOTE | |
r-release-macos-arm64 | 0.1.9 | 152.00 | NOTE | |||
r-release-windows-x86_64 | 0.1.9 | 123.00 | 298.00 | 421.00 | NOTE | |
r-oldrel-macos-arm64 | 0.1.9 | 192.00 | NOTE | |||
r-oldrel-macos-x86_64 | 0.1.9 | 281.00 | NOTE | |||
r-oldrel-windows-x86_64 | 0.1.9 | 162.00 | 393.00 | 555.00 | NOTE |
Version: 0.1.9
Check: C++ specification
Result: NOTE
Specified C++11: please drop specification unless essential
Flavors: r-devel-linux-x86_64-debian-clang, r-devel-linux-x86_64-debian-gcc, r-devel-linux-x86_64-fedora-clang, r-devel-linux-x86_64-fedora-gcc, r-devel-windows-x86_64, r-patched-linux-x86_64, r-release-linux-x86_64, r-release-macos-arm64, r-release-windows-x86_64, r-oldrel-macos-arm64, r-oldrel-macos-x86_64, r-oldrel-windows-x86_64
Version: 0.1.9
Check: Rd files
Result: NOTE
checkRd: (-1) MiniBenchmarkRvsCpp.Rd:16: Lost braces in \itemize; meant \describe ?
checkRd: (-1) MiniBenchmarkRvsCpp.Rd:17: Lost braces in \itemize; meant \describe ?
checkRd: (-1) MiniBenchmarkRvsCpp.Rd:18: Lost braces in \itemize; meant \describe ?
Flavors: r-devel-linux-x86_64-debian-clang, r-devel-linux-x86_64-debian-gcc, r-devel-linux-x86_64-fedora-clang, r-devel-linux-x86_64-fedora-gcc, r-devel-windows-x86_64, r-patched-linux-x86_64, r-release-linux-x86_64, r-release-macos-arm64, r-release-windows-x86_64
Version: 0.1.9
Check: installed package size
Result: NOTE
installed size is 33.1Mb
sub-directories of 1Mb or more:
libs 31.9Mb
Flavors: r-release-macos-arm64, r-oldrel-macos-arm64, r-oldrel-macos-x86_64