Last updated on 2024-04-30 21:50:19 CEST.
Flavor | Version | Tinstall | Tcheck | Ttotal | Status | Flags |
---|---|---|---|---|---|---|
r-devel-linux-x86_64-debian-clang | 1.2.1 | 166.04 | 54.93 | 220.97 | NOTE | |
r-devel-linux-x86_64-debian-gcc | 1.2.1 | 126.81 | 40.69 | 167.50 | NOTE | |
r-devel-linux-x86_64-fedora-clang | 1.2.1 | 357.71 | NOTE | |||
r-devel-linux-x86_64-fedora-gcc | 1.2.1 | 341.86 | NOTE | |||
r-devel-windows-x86_64 | 1.2.1 | 134.00 | 84.00 | 218.00 | NOTE | |
r-patched-linux-x86_64 | 1.2.1 | 164.66 | 52.49 | 217.15 | NOTE | |
r-release-linux-x86_64 | 1.2.1 | 167.33 | 51.36 | 218.69 | NOTE | |
r-release-macos-arm64 | 1.2.1 | 58.00 | NOTE | |||
r-release-windows-x86_64 | 1.2.1 | 138.00 | 79.00 | 217.00 | NOTE | |
r-oldrel-macos-arm64 | 1.2.1 | 78.00 | NOTE | |||
r-oldrel-macos-x86_64 | 1.2.1 | 128.00 | NOTE | |||
r-oldrel-windows-x86_64 | 1.2.1 | 163.00 | 93.00 | 256.00 | NOTE |
Version: 1.2.1
Check: C++ specification
Result: NOTE
Specified C++11: please drop specification unless essential
Flavors: r-devel-linux-x86_64-debian-clang, r-devel-linux-x86_64-debian-gcc, r-devel-linux-x86_64-fedora-clang, r-devel-linux-x86_64-fedora-gcc, r-devel-windows-x86_64, r-patched-linux-x86_64, r-release-linux-x86_64, r-release-macos-arm64, r-release-windows-x86_64, r-oldrel-macos-arm64, r-oldrel-macos-x86_64, r-oldrel-windows-x86_64
Version: 1.2.1
Check: LazyData
Result: NOTE
'LazyData' is specified without a 'data' directory
Flavors: r-devel-linux-x86_64-debian-clang, r-devel-linux-x86_64-debian-gcc, r-devel-linux-x86_64-fedora-clang, r-devel-linux-x86_64-fedora-gcc, r-devel-windows-x86_64, r-patched-linux-x86_64, r-release-linux-x86_64, r-release-macos-arm64, r-release-windows-x86_64, r-oldrel-macos-arm64, r-oldrel-macos-x86_64, r-oldrel-windows-x86_64
Version: 1.2.1
Check: for GNU extensions in Makefiles
Result: NOTE
GNU make is a SystemRequirements.
Flavors: r-devel-linux-x86_64-debian-clang, r-devel-linux-x86_64-debian-gcc, r-devel-linux-x86_64-fedora-clang, r-devel-linux-x86_64-fedora-gcc, r-devel-windows-x86_64, r-patched-linux-x86_64, r-release-linux-x86_64, r-release-macos-arm64, r-release-windows-x86_64, r-oldrel-macos-arm64, r-oldrel-macos-x86_64, r-oldrel-windows-x86_64