Last updated on 2024-05-19 11:59:48 CEST.
Flavor | Version | Tinstall | Tcheck | Ttotal | Status | Flags |
---|---|---|---|---|---|---|
r-devel-linux-x86_64-debian-clang | 0.6.3 | 20.11 | 36.09 | 56.20 | OK | |
r-devel-linux-x86_64-debian-gcc | 0.6.3 | 15.47 | 27.70 | 43.17 | OK | |
r-devel-linux-x86_64-fedora-clang | 0.6.3 | 79.82 | NOTE | |||
r-devel-linux-x86_64-fedora-gcc | 0.6.3 | 126.23 | NOTE | |||
r-devel-windows-x86_64 | 0.6.3 | 19.00 | 62.00 | 81.00 | OK | |
r-patched-linux-x86_64 | 0.6.3 | 26.45 | 34.52 | 60.97 | OK | |
r-release-linux-x86_64 | 0.6.3 | 20.41 | 34.50 | 54.91 | OK | |
r-release-macos-arm64 | 0.6.3 | 27.00 | OK | |||
r-release-windows-x86_64 | 0.6.3 | 19.00 | 66.00 | 85.00 | OK | |
r-oldrel-macos-arm64 | 0.6.3 | 31.00 | OK | |||
r-oldrel-macos-x86_64 | 0.6.3 | 37.00 | OK | |||
r-oldrel-windows-x86_64 | 0.6.3 | 24.00 | 77.00 | 101.00 | OK |
Version: 0.6.3
Check: dependencies in R code
Result: NOTE
Namespaces in Imports field not imported from:
‘Matrix’ ‘capushe’ ‘shiny’
All declared Imports should be used.
Flavors: r-devel-linux-x86_64-fedora-clang, r-devel-linux-x86_64-fedora-gcc