Last updated on 2024-04-30 21:50:18 CEST.
Flavor | Version | Tinstall | Tcheck | Ttotal | Status | Flags |
---|---|---|---|---|---|---|
r-devel-linux-x86_64-debian-clang | 1.4 | 3.07 | 29.52 | 32.59 | NOTE | |
r-devel-linux-x86_64-debian-gcc | 1.4 | 2.37 | 22.17 | 24.54 | NOTE | |
r-devel-linux-x86_64-fedora-clang | 1.4 | 39.76 | NOTE | |||
r-devel-linux-x86_64-fedora-gcc | 1.4 | 38.12 | NOTE | |||
r-devel-windows-x86_64 | 1.4 | 3.00 | 42.00 | 45.00 | NOTE | |
r-patched-linux-x86_64 | 1.4 | 3.31 | 27.08 | 30.39 | NOTE | |
r-release-linux-x86_64 | 1.4 | 2.61 | 28.18 | 30.79 | NOTE | |
r-release-macos-arm64 | 1.4 | 16.00 | NOTE | |||
r-release-windows-x86_64 | 1.4 | 3.00 | 43.00 | 46.00 | NOTE | |
r-oldrel-macos-arm64 | 1.4 | 19.00 | NOTE | |||
r-oldrel-macos-x86_64 | 1.4 | 23.00 | NOTE | |||
r-oldrel-windows-x86_64 | 1.4 | 4.00 | 45.00 | 49.00 | NOTE |
Version: 1.4
Check: LazyData
Result: NOTE
'LazyData' is specified without a 'data' directory
Flavors: r-devel-linux-x86_64-debian-clang, r-devel-linux-x86_64-debian-gcc, r-devel-linux-x86_64-fedora-clang, r-devel-linux-x86_64-fedora-gcc, r-devel-windows-x86_64, r-patched-linux-x86_64, r-release-linux-x86_64, r-release-macos-arm64, r-release-windows-x86_64, r-oldrel-macos-arm64, r-oldrel-macos-x86_64, r-oldrel-windows-x86_64