Last updated on 2024-05-21 11:53:40 CEST.
Flavor | Version | Tinstall | Tcheck | Ttotal | Status | Flags |
---|---|---|---|---|---|---|
r-devel-linux-x86_64-debian-clang | 0.1.2 | 8.07 | 121.77 | 129.84 | NOTE | |
r-devel-linux-x86_64-debian-gcc | 0.1.2 | 6.61 | 96.90 | 103.51 | NOTE | |
r-devel-linux-x86_64-fedora-clang | 0.1.2 | 160.43 | NOTE | |||
r-devel-linux-x86_64-fedora-gcc | 0.1.2 | 175.71 | NOTE | |||
r-devel-windows-x86_64 | 0.1.2 | 7.00 | 110.00 | 117.00 | NOTE | |
r-patched-linux-x86_64 | 0.1.2 | 5.95 | 123.19 | 129.14 | NOTE | |
r-release-linux-x86_64 | 0.1.2 | 4.84 | 127.62 | 132.46 | NOTE | |
r-release-macos-arm64 | 0.1.2 | 63.00 | NOTE | |||
r-release-windows-x86_64 | 0.1.2 | 7.00 | 113.00 | 120.00 | NOTE | |
r-oldrel-macos-arm64 | 0.1.2 | 55.00 | OK | |||
r-oldrel-macos-x86_64 | 0.1.2 | 116.00 | OK | |||
r-oldrel-windows-x86_64 | 0.1.2 | 9.00 | 132.00 | 141.00 | OK |
Version: 0.1.2
Check: Rd files
Result: NOTE
checkRd: (-1) data_binary.Rd:10: Lost braces; missing escapes or markup?
10 | log E(Y_{t+1} | A_t = 0, I_t = 1) = alpha_0 + alpha_1 * time / total_T
| ^
Flavors: r-devel-linux-x86_64-debian-clang, r-devel-linux-x86_64-debian-gcc, r-devel-linux-x86_64-fedora-clang, r-devel-linux-x86_64-fedora-gcc, r-devel-windows-x86_64, r-patched-linux-x86_64, r-release-linux-x86_64, r-release-macos-arm64, r-release-windows-x86_64