Last updated on 2024-05-08 03:52:19 CEST.
Flavor | Version | Tinstall | Tcheck | Ttotal | Status | Flags |
---|---|---|---|---|---|---|
r-devel-linux-x86_64-debian-clang | 1.3.7 | 45.83 | 211.05 | 256.88 | NOTE | |
r-devel-linux-x86_64-debian-gcc | 1.3.7 | 35.32 | 150.46 | 185.78 | NOTE | |
r-devel-linux-x86_64-fedora-clang | 1.3.7 | 339.96 | NOTE | |||
r-devel-linux-x86_64-fedora-gcc | 1.3.7 | 405.36 | NOTE | |||
r-devel-windows-x86_64 | 1.3.7 | 38.00 | 218.00 | 256.00 | OK | |
r-patched-linux-x86_64 | 1.3.7 | 38.37 | 193.38 | 231.75 | NOTE | |
r-release-linux-x86_64 | 1.3.7 | 30.44 | 194.70 | 225.14 | NOTE | |
r-release-macos-arm64 | 1.3.7 | 109.00 | OK | |||
r-release-windows-x86_64 | 1.3.7 | 39.00 | 211.00 | 250.00 | OK | |
r-oldrel-macos-arm64 | 1.3.7 | 124.00 | OK | |||
r-oldrel-macos-x86_64 | 1.3.7 | 187.00 | OK | |||
r-oldrel-windows-x86_64 | 1.3.7 | 50.00 | 285.00 | 335.00 | OK |
Version: 1.3.7
Check: for non-standard things in the check directory
Result: NOTE
Found the following files/directories:
‘Data_Correlation.txt’ ‘correlation_FDR_table.txt’
Flavors: r-devel-linux-x86_64-debian-clang, r-devel-linux-x86_64-debian-gcc, r-devel-linux-x86_64-fedora-clang, r-devel-linux-x86_64-fedora-gcc, r-patched-linux-x86_64, r-release-linux-x86_64