Last updated on 2024-04-18 21:56:56 CEST.
Flavor | Version | Tinstall | Tcheck | Ttotal | Status | Flags |
---|---|---|---|---|---|---|
r-devel-linux-x86_64-debian-clang | 1.7-0 | 727.05 | 158.58 | 885.63 | OK | |
r-devel-linux-x86_64-debian-gcc | 1.7-0 | 385.42 | 113.63 | 499.05 | OK | |
r-devel-linux-x86_64-fedora-clang | 1.7-0 | 1081.66 | NOTE | |||
r-devel-linux-x86_64-fedora-gcc | 1.7-0 | 894.78 | OK | |||
r-prerel-macos-arm64 | 1.7-0 | 220.00 | NOTE | |||
r-prerel-windows-x86_64 | 1.7-0 | 333.00 | 160.00 | 493.00 | OK | |
r-patched-linux-x86_64 | 1.7-0 | 453.85 | 147.43 | 601.28 | OK | |
r-release-linux-x86_64 | 1.7-0 | 465.14 | 152.07 | 617.21 | OK | |
r-release-macos-arm64 | 1.7-0 | 227.00 | NOTE | |||
r-release-macos-x86_64 | 1.7-0 | 253.00 | NOTE | |||
r-release-windows-x86_64 | 1.7-0 | 415.00 | 206.00 | 621.00 | OK | |
r-oldrel-macos-arm64 | 1.7-0 | 225.00 | NOTE | |||
r-oldrel-windows-x86_64 | 1.7-0 | 364.00 | 169.00 | 533.00 | OK |
Version: 1.7-0
Check: installed package size
Result: NOTE
installed size is 6.8Mb
sub-directories of 1Mb or more:
libs 5.7Mb
Flavors: r-devel-linux-x86_64-fedora-clang, r-prerel-macos-arm64, r-release-macos-arm64, r-release-macos-x86_64, r-oldrel-macos-arm64