Last updated on 2024-04-30 21:50:16 CEST.
Flavor | Version | Tinstall | Tcheck | Ttotal | Status | Flags |
---|---|---|---|---|---|---|
r-devel-linux-x86_64-debian-clang | 0.5.4 | 8.53 | 244.36 | 252.89 | NOTE | |
r-devel-linux-x86_64-debian-gcc | 0.5.4 | 8.36 | 176.63 | 184.99 | NOTE | |
r-devel-linux-x86_64-fedora-clang | 0.5.4 | 306.33 | NOTE | |||
r-devel-linux-x86_64-fedora-gcc | 0.5.4 | 309.56 | NOTE | |||
r-devel-windows-x86_64 | 0.5.4 | 10.00 | 176.00 | 186.00 | NOTE | |
r-patched-linux-x86_64 | 0.5.4 | 12.35 | 232.85 | 245.20 | NOTE | |
r-release-linux-x86_64 | 0.5.4 | 12.01 | 230.50 | 242.51 | NOTE | |
r-release-macos-arm64 | 0.5.4 | 77.00 | NOTE | |||
r-release-windows-x86_64 | 0.5.4 | 10.00 | 177.00 | 187.00 | NOTE | |
r-oldrel-macos-arm64 | 0.5.4 | 89.00 | OK | |||
r-oldrel-macos-x86_64 | 0.5.4 | 258.00 | OK | |||
r-oldrel-windows-x86_64 | 0.5.4 | 13.00 | 230.00 | 243.00 | OK |
Version: 0.5.4
Check: Rd files
Result: NOTE
checkRd: (-1) EEGwide.Rd:30-33: Lost braces
30 | if(requireNamespace("ggplot2")){
| ^
Flavors: r-devel-linux-x86_64-debian-clang, r-devel-linux-x86_64-debian-gcc, r-devel-linux-x86_64-fedora-clang, r-devel-linux-x86_64-fedora-gcc, r-devel-windows-x86_64, r-patched-linux-x86_64, r-release-linux-x86_64, r-release-macos-arm64, r-release-windows-x86_64