CRAN Package Check Results for Package KoNLP

Last updated on 2017-01-24 03:47:30.

Flavor Version Tinstall Tcheck Ttotal Status Flags
r-devel-linux-x86_64-debian-clang 0.80.1 3.88 38.11 42.00 OK
r-devel-linux-x86_64-debian-gcc 0.80.1 3.84 36.87 40.71 OK
r-devel-linux-x86_64-fedora-clang 0.80.1 83.22 NOTE --no-stop-on-test-error
r-devel-linux-x86_64-fedora-gcc 0.80.1 72.95 NOTE --no-stop-on-test-error
r-devel-macos-x86_64-clang 0.80.1 59.08 NOTE --no-stop-on-test-error
r-devel-windows-ix86+x86_64 0.80.1 10.00 73.00 83.00 NOTE
r-patched-linux-x86_64 0.80.1 3.74 31.98 35.72 OK
r-patched-solaris-sparc 0.80.1 431.00 NOTE
r-patched-solaris-x86 0.80.1 84.30 NOTE
r-release-linux-x86_64 0.80.1 3.55 32.16 35.71 OK
r-release-osx-x86_64-mavericks 0.80.1 NOTE
r-release-windows-ix86+x86_64 0.80.1 19.00 66.00 85.00 NOTE
r-oldrel-windows-ix86+x86_64 0.76.9 10.00 44.00 54.00 NOTE

Check Details

Version: 0.80.1
Flags: --no-stop-on-test-error
Check: installed package size
Result: NOTE
     installed size is 6.4Mb
     sub-directories of 1Mb or more:
     java 6.0Mb
Flavors: r-devel-linux-x86_64-fedora-clang, r-devel-linux-x86_64-fedora-gcc, r-devel-macos-x86_64-clang

Version: 0.80.1
Check: installed package size
Result: NOTE
     installed size is 6.4Mb
     sub-directories of 1Mb or more:
     java 6.0Mb
Flavors: r-devel-windows-ix86+x86_64, r-patched-solaris-sparc, r-patched-solaris-x86, r-release-osx-x86_64-mavericks, r-release-windows-ix86+x86_64

Version: 0.76.9
Check: dependencies in R code
Result: NOTE
    Package in Depends field not imported from: 'Sejong'
     These packages need to be imported from (in the NAMESPACE file)
     for when this namespace is loaded but not attached.
    ':::' call which should be '::': 'rJava:::.jniInitialized'
     See the note in ?`:::` about the use of this operator.
    There are ::: calls to the package's namespace in its code. A package
     almost never needs to use ::: for its own objects:
     '.KoNLPEnv'
Flavor: r-oldrel-windows-ix86+x86_64