CRAN Package Check Results for Package KoNLP

Last updated on 2016-02-07 03:50:39.

Flavor Version Tinstall Tcheck Ttotal Status Flags
r-devel-linux-x86_64-debian-gcc 0.76.9 1.55 19.22 20.77 NOTE
r-devel-linux-x86_64-fedora-clang 0.76.9 39.60 NOTE
r-devel-linux-x86_64-fedora-gcc 0.76.9 36.40 NOTE
r-devel-osx-x86_64-clang 0.76.9 46.69 NOTE
r-devel-windows-ix86+x86_64 0.76.9 6.00 38.00 44.00 NOTE
r-patched-linux-x86_64 0.76.9 1.57 20.40 21.97 NOTE
r-patched-solaris-sparc 0.76.9 263.20 NOTE
r-patched-solaris-x86 0.76.9 57.90 NOTE
r-release-linux-x86_64 0.76.9 1.54 21.28 22.82 NOTE
r-release-osx-x86_64-mavericks 0.76.9 NOTE
r-release-windows-ix86+x86_64 0.76.9 7.00 40.00 47.00 NOTE
r-oldrel-windows-ix86+x86_64 0.76.9 11.00 58.00 69.00 NOTE

Check Details

Version: 0.76.9
Check: dependencies in R code
Result: NOTE
    Package in Depends field not imported from: ‘Sejong’
     These packages need to be imported from (in the NAMESPACE file)
     for when this namespace is loaded but not attached.
    ':::' call which should be '::': ‘rJava:::.jniInitialized’
     See the note in ?`:::` about the use of this operator.
    There are ::: calls to the package's namespace in its code. A package
     almost never needs to use ::: for its own objects:
     ‘.KoNLPEnv’
Flavors: r-devel-linux-x86_64-debian-gcc, r-devel-linux-x86_64-fedora-clang, r-devel-linux-x86_64-fedora-gcc, r-devel-osx-x86_64-clang, r-devel-windows-ix86+x86_64, r-patched-linux-x86_64, r-patched-solaris-sparc, r-patched-solaris-x86, r-release-linux-x86_64, r-release-osx-x86_64-mavericks, r-release-windows-ix86+x86_64, r-oldrel-windows-ix86+x86_64

Version: 0.76.9
Check: R code for possible problems
Result: NOTE
    .onAttach: no visible global function definition for ‘write.table’
    .onAttach: no visible global function definition for ‘localeToCharset’
    is.utf8: no visible global function definition for ‘localeToCharset’
    mergeUserDic: no visible global function definition for ‘read.table’
    mergeUserDic: no visible global function definition for
     ‘localeToCharset’
    mergeUserDic: no visible global function definition for ‘write.table’
    statDic: no visible global function definition for ‘read.table’
    statDic: no visible global function definition for ‘localeToCharset’
    Undefined global functions or variables:
     localeToCharset read.table write.table
    Consider adding
     importFrom("utils", "localeToCharset", "read.table", "write.table")
    to your NAMESPACE file.
Flavors: r-devel-linux-x86_64-debian-gcc, r-devel-linux-x86_64-fedora-clang, r-devel-linux-x86_64-fedora-gcc, r-devel-osx-x86_64-clang, r-devel-windows-ix86+x86_64