CRAN Package Check Results for Package KoNLP

Last updated on 2017-06-24 21:46:35.

Flavor Version Tinstall Tcheck Ttotal Status Flags
r-devel-linux-x86_64-debian-clang 0.80.1 3.53 41.81 45.34 OK
r-devel-linux-x86_64-debian-gcc 0.80.1 3.60 41.09 44.69 OK
r-devel-linux-x86_64-fedora-clang 0.80.1 82.90 NOTE
r-devel-linux-x86_64-fedora-gcc 0.80.1 75.43 NOTE
r-devel-windows-ix86+x86_64 0.80.1 20.00 98.00 118.00 NOTE
r-patched-linux-x86_64 0.80.1 3.36 39.13 42.50 OK
r-patched-solaris-sparc 0.80.1 469.60 NOTE
r-patched-solaris-x86 0.80.1 99.60 NOTE
r-release-linux-x86_64 0.80.1 3.45 38.48 41.93 OK
r-release-windows-ix86+x86_64 0.80.1 16.00 103.00 119.00 NOTE
r-release-osx-x86_64 0.80.1 NOTE
r-oldrel-windows-ix86+x86_64 0.80.1 24.00 86.00 110.00 NOTE
r-oldrel-osx-x86_64 0.80.1 NOTE

Check Details

Version: 0.80.1
Check: installed package size
Result: NOTE
     installed size is 6.4Mb
     sub-directories of 1Mb or more:
     java 6.0Mb
Flavors: r-devel-linux-x86_64-fedora-clang, r-devel-linux-x86_64-fedora-gcc, r-devel-windows-ix86+x86_64, r-patched-solaris-sparc, r-patched-solaris-x86, r-release-windows-ix86+x86_64, r-release-osx-x86_64, r-oldrel-windows-ix86+x86_64, r-oldrel-osx-x86_64