CRAN Package Check Results for Package KoNLP

Last updated on 2017-12-13 12:47:48 CET.

Flavor Version Tinstall Tcheck Ttotal Status Flags
r-devel-linux-x86_64-debian-clang 0.80.1 3.81 60.03 63.84 OK
r-devel-linux-x86_64-debian-gcc 0.80.1 3.38 47.74 51.12 OK
r-devel-linux-x86_64-fedora-clang 0.80.1 76.35 NOTE
r-devel-linux-x86_64-fedora-gcc 0.80.1 75.52 NOTE
r-devel-windows-ix86+x86_64 0.80.1 14.00 100.00 114.00 NOTE
r-patched-linux-x86_64 0.80.1 3.92 62.81 66.73 OK
r-patched-solaris-x86 0.80.1 104.00 NOTE
r-release-linux-x86_64 0.80.1 3.76 64.40 68.16 OK
r-release-windows-ix86+x86_64 0.80.1 10.00 79.00 89.00 NOTE
r-release-osx-x86_64 0.80.1 NOTE
r-oldrel-windows-ix86+x86_64 0.80.1 9.00 94.00 103.00 NOTE
r-oldrel-osx-x86_64 0.80.1 NOTE

Check Details

Version: 0.80.1
Check: installed package size
Result: NOTE
     installed size is 6.4Mb
     sub-directories of 1Mb or more:
     java 6.0Mb
Flavors: r-devel-linux-x86_64-fedora-clang, r-devel-linux-x86_64-fedora-gcc, r-devel-windows-ix86+x86_64, r-patched-solaris-x86, r-release-windows-ix86+x86_64, r-release-osx-x86_64, r-oldrel-windows-ix86+x86_64, r-oldrel-osx-x86_64