CRAN Package Check Results for Package KoNLP

Last updated on 2017-10-16 21:48:29.

Flavor Version Tinstall Tcheck Ttotal Status Flags
r-devel-linux-x86_64-debian-clang 0.80.1 3.80 42.29 46.08 OK
r-devel-linux-x86_64-debian-gcc 0.80.1 4.26 45.04 49.30 OK
r-devel-linux-x86_64-fedora-clang 0.80.1 80.37 NOTE
r-devel-linux-x86_64-fedora-gcc 0.80.1 79.97 NOTE
r-devel-windows-ix86+x86_64 0.80.1 10.00 72.00 82.00 NOTE
r-patched-linux-x86_64 0.80.1 3.49 39.40 42.89 OK
r-patched-solaris-x86 0.80.1 102.50 NOTE
r-release-linux-x86_64 0.80.1 3.56 40.27 43.84 OK
r-release-windows-ix86+x86_64 0.80.1 10.00 73.00 83.00 NOTE
r-release-osx-x86_64 0.80.1 NOTE
r-oldrel-windows-ix86+x86_64 0.80.1 13.00 87.00 100.00 NOTE
r-oldrel-osx-x86_64 0.80.1 NOTE

Check Details

Version: 0.80.1
Check: installed package size
Result: NOTE
     installed size is 6.4Mb
     sub-directories of 1Mb or more:
     java 6.0Mb
Flavors: r-devel-linux-x86_64-fedora-clang, r-devel-linux-x86_64-fedora-gcc, r-devel-windows-ix86+x86_64, r-patched-solaris-x86, r-release-windows-ix86+x86_64, r-release-osx-x86_64, r-oldrel-windows-ix86+x86_64, r-oldrel-osx-x86_64