CRAN Package Check Results for Package KoNLP

Last updated on 2016-09-27 11:48:50.

Flavor Version Tinstall Tcheck Ttotal Status Flags
r-devel-linux-x86_64-debian-clang 0.76.9 1.32 19.83 21.15 NOTE
r-devel-linux-x86_64-debian-gcc 0.76.9 1.42 20.45 21.86 NOTE
r-devel-linux-x86_64-fedora-clang 0.76.9 39.84 NOTE
r-devel-linux-x86_64-fedora-gcc 0.76.9 38.41 NOTE
r-devel-macos-x86_64-clang 0.76.9 33.10 NOTE
r-devel-windows-ix86+x86_64 0.76.9 9.00 63.00 72.00 NOTE
r-patched-linux-x86_64 0.76.9 1.42 20.53 21.95 NOTE
r-patched-solaris-sparc 0.76.9 253.70 NOTE
r-patched-solaris-x86 0.76.9 53.30 NOTE
r-release-linux-x86_64 0.76.9 1.45 21.28 22.73 NOTE
r-release-osx-x86_64-mavericks 0.76.9 NOTE
r-release-windows-ix86+x86_64 0.76.9 8.00 64.00 72.00 NOTE
r-oldrel-windows-ix86+x86_64 0.76.9 8.00 57.00 65.00 NOTE

Check Details

Version: 0.76.9
Check: dependencies in R code
Result: NOTE
    Package in Depends field not imported from: ‘Sejong’
     These packages need to be imported from (in the NAMESPACE file)
     for when this namespace is loaded but not attached.
    ':::' call which should be '::': ‘rJava:::.jniInitialized’
     See the note in ?`:::` about the use of this operator.
    There are ::: calls to the package's namespace in its code. A package
     almost never needs to use ::: for its own objects:
     ‘.KoNLPEnv’
Flavors: r-devel-linux-x86_64-debian-clang, r-devel-linux-x86_64-debian-gcc, r-devel-linux-x86_64-fedora-clang, r-devel-linux-x86_64-fedora-gcc, r-devel-macos-x86_64-clang, r-devel-windows-ix86+x86_64, r-patched-linux-x86_64, r-patched-solaris-sparc, r-patched-solaris-x86, r-release-linux-x86_64, r-release-osx-x86_64-mavericks, r-release-windows-ix86+x86_64, r-oldrel-windows-ix86+x86_64

Version: 0.76.9
Check: R code for possible problems
Result: NOTE
    .onAttach: no visible global function definition for ‘write.table’
    .onAttach: no visible global function definition for ‘localeToCharset’
    is.utf8: no visible global function definition for ‘localeToCharset’
    mergeUserDic: no visible global function definition for ‘read.table’
    mergeUserDic: no visible global function definition for
     ‘localeToCharset’
    mergeUserDic: no visible global function definition for ‘write.table’
    statDic: no visible global function definition for ‘read.table’
    statDic: no visible global function definition for ‘localeToCharset’
    Undefined global functions or variables:
     localeToCharset read.table write.table
    Consider adding
     importFrom("utils", "localeToCharset", "read.table", "write.table")
    to your NAMESPACE file.
Flavors: r-devel-linux-x86_64-debian-clang, r-devel-linux-x86_64-debian-gcc, r-devel-linux-x86_64-fedora-clang, r-devel-linux-x86_64-fedora-gcc, r-devel-macos-x86_64-clang, r-devel-windows-ix86+x86_64, r-patched-linux-x86_64, r-patched-solaris-sparc, r-patched-solaris-x86, r-release-linux-x86_64, r-release-osx-x86_64-mavericks, r-release-windows-ix86+x86_64