CRAN Package Check Results for Package KoNLP

Last updated on 2014-04-24 11:48:48.

Flavor Version Tinstall Tcheck Ttotal Status Flags
r-devel-linux-x86_64-debian-clang 0.76.9 2.16 27.78 29.94 NOTE
r-devel-linux-x86_64-debian-gcc 0.76.9 2.14 27.63 29.77 NOTE
r-devel-linux-x86_64-fedora-clang 0.76.9 60.18 NOTE
r-devel-linux-x86_64-fedora-gcc 0.76.9 55.83 NOTE
r-devel-osx-x86_64-clang 0.76.9 57.11 NOTE
r-devel-osx-x86_64-gcc 0.76.9 NOTE
r-devel-windows-ix86+x86_64 0.76.9 7.00 41.00 48.00 NOTE
r-patched-linux-x86_64 0.76.9 2.12 27.62 29.74 NOTE
r-patched-solaris-sparc 0.76.9 327.90 NOTE
r-patched-solaris-x86 0.76.9 80.40 NOTE
r-release-linux-ix86 0.76.9 3.00 47.00 50.00 NOTE
r-release-linux-x86_64 0.76.9 2.15 27.89 30.04 NOTE
r-release-osx-x86_64-mavericks 0.76.9 WARN
r-release-osx-x86_64-snowleopard 0.76.9 WARN
r-release-windows-ix86+x86_64 0.76.9 7.00 42.00 49.00 NOTE
r-oldrel-windows-ix86+x86_64 0.76.9 7.00 42.00 49.00 NOTE

Check Details

Version: 0.76.9
Check: dependencies in R code
Result: NOTE
    Package in Depends field not imported from: ‘Sejong’
     These packages need to be imported from (in the NAMESPACE file)
     for when this namespace is loaded but not attached.
    ':::' call which should be '::': ‘rJava:::.jniInitialized’
     See the note in ?`:::` about the use of this operator.
    There are ::: calls to the package's namespace in its code. A package
     almost never needs to use ::: for its own objects:
     ‘.KoNLPEnv’
    See the information on DESCRIPTION files in the chapter ‘Creating R
    packages’ of the ‘Writing R Extensions’ manual.
Flavors: r-devel-linux-x86_64-debian-clang, r-devel-linux-x86_64-debian-gcc, r-devel-linux-x86_64-fedora-clang, r-devel-linux-x86_64-fedora-gcc, r-devel-osx-x86_64-clang, r-devel-osx-x86_64-gcc, r-devel-windows-ix86+x86_64, r-patched-linux-x86_64, r-patched-solaris-sparc, r-patched-solaris-x86, r-release-linux-ix86, r-release-linux-x86_64, r-release-osx-x86_64-mavericks, r-release-windows-ix86+x86_64, r-oldrel-windows-ix86+x86_64

Version: 0.76.9
Check: PDF version of manual
Result: WARNING
    LaTeX errors when creating PDF version.
    This typically indicates Rd problems.
    LaTeX errors found:
    ! LaTeX Error: File `upquote.sty' not found.
    
    Type X to quit or <RETURN> to proceed,
    or enter new name. (Default extension: sty)
    
    666e74/Rd2.tex:8: ==> Fatal error occurred, no output PDF file produced!
Flavor: r-release-osx-x86_64-mavericks

Version: 0.76.9
Check: dependencies in R code
Result: NOTE
    Package in Depends field not imported from: 'Sejong'
     These packages need to be imported from for the case when
     this namespace is loaded but not attached.
    ':::' call which should be '::': 'rJava:::.jniInitialized'
     See the note in ?`:::` about the use of this operator.
    There are ::: calls to the package's namespace in its code. A package
     almost never needs to use ::: for its own objects:
     '.KoNLPEnv'
    See the information on DESCRIPTION files in the chapter 'Creating R
    packages' of the 'Writing R Extensions' manual.
Flavor: r-release-osx-x86_64-snowleopard

Version: 0.76.9
Check: examples
Result: WARNING
    checking a package with encoding 'UTF-8' in an ASCII locale
    
     OK
Flavor: r-release-osx-x86_64-snowleopard