CRAN Package Check Results for Package KoNLP

Last updated on 2016-04-28 21:47:32.

Flavor Version Tinstall Tcheck Ttotal Status Flags
r-devel-linux-x86_64-debian-gcc 0.76.9 1.50 19.91 21.40 NOTE
r-devel-linux-x86_64-fedora-clang 0.76.9 39.02 NOTE
r-devel-linux-x86_64-fedora-gcc 0.76.9 36.57 NOTE
r-devel-osx-x86_64-clang 0.76.9 47.50 NOTE
r-devel-windows-ix86+x86_64 0.76.9 10.00 60.00 70.00 NOTE
r-patched-linux-x86_64 0.76.9 1.44 19.95 21.39 NOTE
r-patched-solaris-sparc 0.76.9 249.30 NOTE
r-patched-solaris-x86 0.76.9 56.10 NOTE
r-release-linux-x86_64 0.76.9 1.70 22.03 23.73 NOTE
r-release-osx-x86_64-mavericks 0.76.9 NOTE
r-release-windows-ix86+x86_64 0.76.9 5.00 45.00 50.00 NOTE
r-oldrel-windows-ix86+x86_64 0.76.9 13.00 74.00 87.00 NOTE

Check Details

Version: 0.76.9
Check: dependencies in R code
Result: NOTE
    Package in Depends field not imported from: ‘Sejong’
     These packages need to be imported from (in the NAMESPACE file)
     for when this namespace is loaded but not attached.
    ':::' call which should be '::': ‘rJava:::.jniInitialized’
     See the note in ?`:::` about the use of this operator.
    There are ::: calls to the package's namespace in its code. A package
     almost never needs to use ::: for its own objects:
     ‘.KoNLPEnv’
Flavors: r-devel-linux-x86_64-debian-gcc, r-devel-linux-x86_64-fedora-clang, r-devel-linux-x86_64-fedora-gcc, r-devel-osx-x86_64-clang, r-devel-windows-ix86+x86_64, r-patched-linux-x86_64, r-patched-solaris-sparc, r-patched-solaris-x86, r-release-linux-x86_64, r-release-osx-x86_64-mavericks, r-release-windows-ix86+x86_64, r-oldrel-windows-ix86+x86_64

Version: 0.76.9
Check: R code for possible problems
Result: NOTE
    .onAttach: no visible global function definition for ‘write.table’
    .onAttach: no visible global function definition for ‘localeToCharset’
    is.utf8: no visible global function definition for ‘localeToCharset’
    mergeUserDic: no visible global function definition for ‘read.table’
    mergeUserDic: no visible global function definition for
     ‘localeToCharset’
    mergeUserDic: no visible global function definition for ‘write.table’
    statDic: no visible global function definition for ‘read.table’
    statDic: no visible global function definition for ‘localeToCharset’
    Undefined global functions or variables:
     localeToCharset read.table write.table
    Consider adding
     importFrom("utils", "localeToCharset", "read.table", "write.table")
    to your NAMESPACE file.
Flavors: r-devel-linux-x86_64-debian-gcc, r-devel-linux-x86_64-fedora-clang, r-devel-linux-x86_64-fedora-gcc, r-devel-osx-x86_64-clang, r-devel-windows-ix86+x86_64, r-patched-linux-x86_64, r-patched-solaris-sparc, r-patched-solaris-x86