Last updated on 2024-05-19 11:59:45 CEST.
Flavor | Version | Tinstall | Tcheck | Ttotal | Status | Flags |
---|---|---|---|---|---|---|
r-devel-linux-x86_64-debian-clang | 0.6-2 | 3.32 | 30.76 | 34.08 | OK | |
r-devel-linux-x86_64-debian-gcc | 0.6-2 | 2.30 | 23.83 | 26.13 | OK | |
r-devel-linux-x86_64-fedora-clang | 0.6-2 | 42.27 | NOTE | |||
r-devel-linux-x86_64-fedora-gcc | 0.6-2 | 60.66 | OK | |||
r-devel-windows-x86_64 | 0.6-2 | 4.00 | 45.00 | 49.00 | OK | |
r-patched-linux-x86_64 | 0.6-2 | 3.49 | 29.77 | 33.26 | OK | |
r-release-linux-x86_64 | 0.6-2 | 2.68 | 30.51 | 33.19 | OK | |
r-release-macos-arm64 | 0.6-2 | 19.00 | OK | |||
r-release-windows-x86_64 | 0.6-2 | 3.00 | 46.00 | 49.00 | OK | |
r-oldrel-macos-arm64 | 0.6-2 | 18.00 | OK | |||
r-oldrel-macos-x86_64 | 0.6-2 | 24.00 | OK | |||
r-oldrel-windows-x86_64 | 0.6-2 | 5.00 | 51.00 | 56.00 | OK |
Version: 0.6-2
Check: Rd cross-references
Result: NOTE
Undeclared package ‘surveillance’ in Rd xrefs
Flavor: r-devel-linux-x86_64-fedora-clang