Last updated on 2024-06-15 19:55:00 CEST.
Flavor | Version | Tinstall | Tcheck | Ttotal | Status | Flags |
---|---|---|---|---|---|---|
r-devel-linux-x86_64-debian-clang | 7.3.1 | 28.55 | 442.25 | 470.80 | OK | |
r-devel-linux-x86_64-debian-gcc | 7.3.1 | 21.32 | 313.12 | 334.44 | OK | |
r-devel-linux-x86_64-fedora-clang | 7.3.1 | 556.06 | OK | |||
r-devel-linux-x86_64-fedora-gcc | 7.3.1 | 553.57 | OK | |||
r-devel-windows-x86_64 | 7.3.1 | 26.00 | 329.00 | 355.00 | OK | |
r-patched-linux-x86_64 | 7.3.1 | 31.44 | 421.33 | 452.77 | OK | |
r-release-linux-x86_64 | 7.3.1 | 24.32 | 408.22 | 432.54 | OK | |
r-release-macos-arm64 | 7.3.1 | 138.00 | NOTE | |||
r-release-macos-x86_64 | 7.3.1 | 231.00 | NOTE | |||
r-release-windows-x86_64 | 7.3.1 | 25.00 | 328.00 | 353.00 | OK | |
r-oldrel-macos-arm64 | 7.3.1 | 140.00 | NOTE | |||
r-oldrel-macos-x86_64 | 7.3.1 | 370.00 | NOTE | |||
r-oldrel-windows-x86_64 | 7.3.1 | 32.00 | 414.00 | 446.00 | OK |
Version: 7.3.1
Check: package dependencies
Result: NOTE
Package suggested but not available for checking: ‘Rmpi’
Flavors: r-release-macos-arm64, r-release-macos-x86_64, r-oldrel-macos-arm64, r-oldrel-macos-x86_64