Last updated on 2024-04-30 21:50:12 CEST.
Flavor | Version | Tinstall | Tcheck | Ttotal | Status | Flags |
---|---|---|---|---|---|---|
r-devel-linux-x86_64-debian-clang | 1.4 | 38.65 | 218.13 | 256.78 | NOTE | |
r-devel-linux-x86_64-debian-gcc | 1.4 | 32.19 | 155.12 | 187.31 | NOTE | |
r-devel-linux-x86_64-fedora-clang | 1.4 | 326.78 | NOTE | |||
r-devel-linux-x86_64-fedora-gcc | 1.4 | 327.13 | NOTE | |||
r-devel-windows-x86_64 | 1.4 | 32.00 | 257.00 | 289.00 | NOTE | |
r-patched-linux-x86_64 | 1.4 | 41.24 | 207.47 | 248.71 | NOTE | |
r-release-linux-x86_64 | 1.4 | 44.36 | 210.96 | 255.32 | NOTE | |
r-release-macos-arm64 | 1.4 | 95.00 | NOTE | |||
r-release-windows-x86_64 | 1.4 | 33.00 | 262.00 | 295.00 | NOTE | |
r-oldrel-macos-arm64 | 1.4 | 97.00 | OK | |||
r-oldrel-macos-x86_64 | 1.4 | 201.00 | OK | |||
r-oldrel-windows-x86_64 | 1.4 | 40.00 | 303.00 | 343.00 | OK |
Version: 1.4
Check: Rd files
Result: NOTE
checkRd: (-1) rtheta.Rd:50-76: Lost braces in \itemize; meant \describe ?
Flavors: r-devel-linux-x86_64-debian-clang, r-devel-linux-x86_64-debian-gcc, r-devel-linux-x86_64-fedora-clang, r-devel-linux-x86_64-fedora-gcc, r-devel-windows-x86_64, r-patched-linux-x86_64, r-release-linux-x86_64, r-release-macos-arm64, r-release-windows-x86_64