Last updated on 2024-05-21 11:53:33 CEST.
Flavor | Version | Tinstall | Tcheck | Ttotal | Status | Flags |
---|---|---|---|---|---|---|
r-devel-linux-x86_64-debian-clang | 1.0.1 | 10.88 | 86.40 | 97.28 | NOTE | |
r-devel-linux-x86_64-debian-gcc | 1.0.1 | 7.42 | 64.08 | 71.50 | NOTE | |
r-devel-linux-x86_64-fedora-clang | 1.0.1 | 119.41 | NOTE | |||
r-devel-linux-x86_64-fedora-gcc | 1.0.1 | 157.00 | NOTE | |||
r-devel-windows-x86_64 | 1.0.1 | 9.00 | 80.00 | 89.00 | NOTE | |
r-patched-linux-x86_64 | 1.0.1 | 6.72 | 81.47 | 88.19 | NOTE | |
r-release-linux-x86_64 | 1.0.1 | 6.68 | 81.72 | 88.40 | NOTE | |
r-release-macos-arm64 | 1.0.1 | 50.00 | NOTE | |||
r-release-windows-x86_64 | 1.0.1 | 9.00 | 81.00 | 90.00 | NOTE | |
r-oldrel-macos-arm64 | 1.0.1 | 48.00 | NOTE | |||
r-oldrel-macos-x86_64 | 1.0.1 | 81.00 | NOTE | |||
r-oldrel-windows-x86_64 | 1.0.1 | 13.00 | 89.00 | 102.00 | NOTE |
Version: 1.0.1
Check: LazyData
Result: NOTE
'LazyData' is specified without a 'data' directory
Flavors: r-devel-linux-x86_64-debian-clang, r-devel-linux-x86_64-debian-gcc, r-devel-linux-x86_64-fedora-clang, r-devel-linux-x86_64-fedora-gcc, r-devel-windows-x86_64, r-patched-linux-x86_64, r-release-linux-x86_64, r-release-macos-arm64, r-release-windows-x86_64, r-oldrel-macos-arm64, r-oldrel-macos-x86_64, r-oldrel-windows-x86_64
Version: 1.0.1
Check: dependencies in R code
Result: NOTE
Namespace in Imports field not imported from: ‘decomposedPSF’
All declared Imports should be used.
Flavors: r-devel-linux-x86_64-fedora-clang, r-devel-linux-x86_64-fedora-gcc