Last updated on 2024-05-07 11:55:00 CEST.
Flavor | Version | Tinstall | Tcheck | Ttotal | Status | Flags |
---|---|---|---|---|---|---|
r-devel-linux-x86_64-debian-clang | 1.3.1 | 15.07 | 218.05 | 233.12 | OK | |
r-devel-linux-x86_64-debian-gcc | 1.3.1 | 11.99 | 151.11 | 163.10 | OK | |
r-devel-linux-x86_64-fedora-clang | 1.3.1 | 281.94 | NOTE | |||
r-devel-linux-x86_64-fedora-gcc | 1.3.1 | 265.52 | OK | |||
r-devel-windows-x86_64 | 1.3.1 | 15.00 | 158.00 | 173.00 | OK | |
r-patched-linux-x86_64 | 1.3.1 | 19.52 | 199.65 | 219.17 | OK | |
r-release-linux-x86_64 | 1.3.1 | 14.70 | 195.96 | 210.66 | OK | |
r-release-macos-arm64 | 1.3.1 | 62.00 | OK | |||
r-release-windows-x86_64 | 1.3.1 | 15.00 | 156.00 | 171.00 | OK | |
r-oldrel-macos-arm64 | 1.3.1 | 74.00 | OK | |||
r-oldrel-macos-x86_64 | 1.3.1 | 139.00 | OK | |||
r-oldrel-windows-x86_64 | 1.3.1 | 19.00 | 206.00 | 225.00 | OK |
Version: 1.3.1
Check: Rd cross-references
Result: NOTE
Undeclared package ‘ForecastCombinations’ in Rd xrefs
Flavor: r-devel-linux-x86_64-fedora-clang